Last updated on 2025-02-20 14:51:04 CET.
Flavor | Version | Tinstall | Tcheck | Ttotal | Status | Flags |
---|---|---|---|---|---|---|
r-devel-linux-x86_64-debian-clang | 1.3.8 | 14.78 | 226.53 | 241.31 | NOTE | |
r-devel-linux-x86_64-debian-gcc | 1.3.8 | 10.73 | 161.30 | 172.03 | NOTE | |
r-devel-linux-x86_64-fedora-clang | 1.3.8 | 380.50 | NOTE | |||
r-devel-linux-x86_64-fedora-gcc | 1.3.8 | 365.54 | NOTE | |||
r-devel-macos-arm64 | 1.3.8 | 85.00 | OK | |||
r-devel-macos-x86_64 | 1.3.8 | 158.00 | NOTE | |||
r-devel-windows-x86_64 | 1.3.8 | 17.00 | 190.00 | 207.00 | NOTE | |
r-patched-linux-x86_64 | 1.3.8 | 21.01 | 214.65 | 235.66 | OK | |
r-release-linux-x86_64 | 1.3.8 | 13.10 | 211.49 | 224.59 | OK | |
r-release-macos-arm64 | 1.3.8 | 82.00 | NOTE | |||
r-release-macos-x86_64 | 1.3.8 | 124.00 | NOTE | |||
r-release-windows-x86_64 | 1.3.8 | 15.00 | 189.00 | 204.00 | NOTE | |
r-oldrel-macos-arm64 | 1.3.8 | 82.00 | NOTE | |||
r-oldrel-macos-x86_64 | 1.3.8 | 142.00 | NOTE | |||
r-oldrel-windows-x86_64 | 1.3.8 | 20.00 | 226.00 | 246.00 | NOTE |
Version: 1.3.8
Check: DESCRIPTION meta-information
Result: NOTE
Missing dependency on R >= 4.1.0 because package code uses the pipe
|> or function shorthand \(...) syntax added in R 4.1.0.
File(s) using such syntax:
‘boot.weighting.R’
Flavors: r-devel-linux-x86_64-debian-clang, r-devel-linux-x86_64-debian-gcc, r-devel-linux-x86_64-fedora-clang, r-devel-linux-x86_64-fedora-gcc, r-devel-macos-x86_64, r-devel-windows-x86_64
Version: 1.3.8
Check: Rd cross-references
Result: NOTE
Found the following Rd file(s) with Rd \link{} targets missing package
anchors:
PSAboot.Rd: Match
balance.matching.Rd: cv.trans.psa
boot.ctree.Rd: cv.trans.psa
boot.matching.Rd: cv.trans.psa, Match
boot.matchit.Rd: cv.trans.psa
boot.rpart.Rd: cv.trans.psa
boot.strata.Rd: cv.trans.psa
boot.weighting.Rd: cv.trans.psa
boxplot.PSAboot.balance.Rd: facet_wrap
hist.PSAboot.Rd: geom_histogram
Please provide package anchors for all Rd \link{} targets not in the
package itself and the base packages.
Flavors: r-devel-linux-x86_64-debian-clang, r-devel-linux-x86_64-debian-gcc, r-devel-windows-x86_64
Version: 1.3.8
Check: installed package size
Result: NOTE
installed size is 6.3Mb
sub-directories of 1Mb or more:
doc 5.5Mb
Flavors: r-release-macos-arm64, r-release-macos-x86_64, r-release-windows-x86_64, r-oldrel-macos-arm64, r-oldrel-macos-x86_64, r-oldrel-windows-x86_64