CRAN Package Check Results for Package PStrata

Last updated on 2025-02-21 02:52:21 CET.

Flavor Version Tinstall Tcheck Ttotal Status Flags
r-devel-linux-x86_64-debian-clang 0.0.5 3.44 36.07 39.51 NOTE
r-devel-linux-x86_64-debian-gcc 0.0.5 2.32 27.17 29.49 NOTE
r-devel-linux-x86_64-fedora-clang 0.0.5 67.97 OK
r-devel-linux-x86_64-fedora-gcc 0.0.5 75.37 OK
r-devel-macos-arm64 0.0.5 31.00 OK
r-devel-macos-x86_64 0.0.5 93.00 OK
r-devel-windows-x86_64 0.0.5 4.00 56.00 60.00 NOTE
r-patched-linux-x86_64 0.0.5 9.96 33.78 43.74 OK
r-release-linux-x86_64 0.0.5 3.27 33.80 37.07 OK
r-release-macos-arm64 0.0.5 27.00 OK
r-release-macos-x86_64 0.0.5 57.00 OK
r-release-windows-x86_64 0.0.5 4.00 56.00 60.00 OK
r-oldrel-macos-arm64 0.0.5 30.00 OK
r-oldrel-macos-x86_64 0.0.5 52.00 OK
r-oldrel-windows-x86_64 0.0.5 6.00 60.00 66.00 OK

Check Details

Version: 0.0.5
Check: Rd cross-references
Result: NOTE Found the following Rd file(s) with Rd \link{} targets missing package anchors: PStrata-package.Rd: lme4 Please provide package anchors for all Rd \link{} targets not in the package itself and the base packages. Flavors: r-devel-linux-x86_64-debian-clang, r-devel-linux-x86_64-debian-gcc, r-devel-windows-x86_64