Last updated on 2025-02-20 14:51:04 CET.
Flavor | Version | Tinstall | Tcheck | Ttotal | Status | Flags |
---|---|---|---|---|---|---|
r-devel-linux-x86_64-debian-clang | 1.1.2 | 19.11 | 206.66 | 225.77 | OK | |
r-devel-linux-x86_64-debian-gcc | 1.1.2 | 12.04 | 143.17 | 155.21 | OK | |
r-devel-linux-x86_64-fedora-clang | 1.1.2 | 375.03 | OK | |||
r-devel-linux-x86_64-fedora-gcc | 1.1.2 | 351.75 | OK | |||
r-devel-macos-arm64 | 1.1.2 | 115.00 | OK | |||
r-devel-macos-x86_64 | 1.1.2 | 372.00 | OK | |||
r-devel-windows-x86_64 | 1.1.2 | 20.00 | 211.00 | 231.00 | OK | |
r-patched-linux-x86_64 | 1.1.2 | 18.85 | 193.57 | 212.42 | OK | |
r-release-linux-x86_64 | 1.1.2 | 17.58 | 191.64 | 209.22 | OK | |
r-release-macos-arm64 | 1.1.2 | 121.00 | NOTE | |||
r-release-macos-x86_64 | 1.1.2 | 176.00 | NOTE | |||
r-release-windows-x86_64 | 1.1.2 | 21.00 | 209.00 | 230.00 | NOTE | |
r-oldrel-macos-arm64 | 1.1.2 | 124.00 | NOTE | |||
r-oldrel-macos-x86_64 | 1.1.2 | 199.00 | NOTE | |||
r-oldrel-windows-x86_64 | 1.1.2 | 26.00 | 256.00 | 282.00 | NOTE |
Version: 1.1.2
Check: installed package size
Result: NOTE
installed size is 7.9Mb
sub-directories of 1Mb or more:
doc 4.0Mb
examples 2.6Mb
Flavors: r-release-macos-arm64, r-release-macos-x86_64, r-release-windows-x86_64, r-oldrel-macos-arm64, r-oldrel-macos-x86_64, r-oldrel-windows-x86_64