Last updated on 2024-05-21 14:57:20 CEST.
Flavor | Version | Tinstall | Tcheck | Ttotal | Status | Flags |
---|---|---|---|---|---|---|
r-devel-linux-x86_64-debian-clang | 3.2.5 | 238.08 | 125.29 | 363.37 | OK | |
r-devel-linux-x86_64-debian-gcc | 3.2.5 | 174.14 | 101.16 | 275.30 | OK | |
r-devel-linux-x86_64-fedora-clang | 3.2.5 | 475.28 | OK | |||
r-devel-linux-x86_64-fedora-gcc | 3.2.5 | 560.79 | OK | |||
r-devel-windows-x86_64 | 3.2.5 | 171.00 | 133.00 | 304.00 | OK | |
r-patched-linux-x86_64 | 3.2.5 | 239.07 | 131.33 | 370.40 | OK | |
r-release-linux-x86_64 | 3.2.5 | 243.07 | 132.39 | 375.46 | OK | |
r-release-macos-arm64 | 3.2.5 | 122.00 | NOTE | |||
r-release-windows-x86_64 | 3.2.5 | 169.00 | 137.00 | 306.00 | OK | |
r-oldrel-macos-arm64 | 3.2.5 | 165.00 | NOTE | |||
r-oldrel-macos-x86_64 | 3.2.5 | 166.00 | NOTE | |||
r-oldrel-windows-x86_64 | 3.2.5 | 203.00 | 166.00 | 369.00 | OK |
Version: 3.2.5
Check: installed package size
Result: NOTE
installed size is 40.9Mb
sub-directories of 1Mb or more:
libs 40.4Mb
Flavors: r-release-macos-arm64, r-oldrel-macos-arm64, r-oldrel-macos-x86_64