Last updated on 2025-05-18 14:49:23 CEST.
Flavor | Version | Tinstall | Tcheck | Ttotal | Status | Flags |
---|---|---|---|---|---|---|
r-devel-linux-x86_64-debian-clang | 3.2.5 | 144.59 | 105.10 | 249.69 | NOTE | |
r-devel-linux-x86_64-debian-gcc | 3.2.5 | 117.91 | 82.84 | 200.75 | NOTE | |
r-devel-linux-x86_64-fedora-clang | 3.2.5 | 428.83 | OK | |||
r-devel-linux-x86_64-fedora-gcc | 3.2.5 | 530.67 | OK | |||
r-devel-windows-x86_64 | 3.2.5 | 155.00 | 137.00 | 292.00 | OK | |
r-patched-linux-x86_64 | 3.2.5 | 156.10 | 109.60 | 265.70 | OK | |
r-release-linux-x86_64 | 3.2.5 | 154.18 | 109.70 | 263.88 | OK | |
r-release-macos-arm64 | 3.2.5 | 112.00 | OK | |||
r-release-macos-x86_64 | 3.2.5 | 191.00 | OK | |||
r-release-windows-x86_64 | 3.2.5 | 155.00 | 139.00 | 294.00 | OK | |
r-oldrel-macos-arm64 | 3.2.5 | 122.00 | NOTE | |||
r-oldrel-macos-x86_64 | 3.2.5 | 130.00 | NOTE | |||
r-oldrel-windows-x86_64 | 3.2.5 | 181.00 | 173.00 | 354.00 | OK |
Version: 3.2.5
Check: CRAN incoming feasibility
Result: NOTE
Maintainer: ‘Hyebin Song <hps5320@psu.edu>’
The Description field contains
<arXiv:1711.08129>.
Please refer to arXiv e-prints via their arXiv DOI <doi:10.48550/arXiv.YYMM.NNNNN>.
Flavors: r-devel-linux-x86_64-debian-clang, r-devel-linux-x86_64-debian-gcc
Version: 3.2.5
Check: installed package size
Result: NOTE
installed size is 40.9Mb
sub-directories of 1Mb or more:
libs 40.4Mb
Flavors: r-oldrel-macos-arm64, r-oldrel-macos-x86_64