CRAN Package Check Results for Package PetfindeR

Last updated on 2025-02-21 02:52:20 CET.

Flavor Version Tinstall Tcheck Ttotal Status Flags
r-devel-linux-x86_64-debian-clang 2.1.0 2.60 22.44 25.04 OK
r-devel-linux-x86_64-debian-gcc 2.1.0 1.99 18.71 20.70 OK
r-devel-linux-x86_64-fedora-clang 2.1.0 44.22 NOTE
r-devel-linux-x86_64-fedora-gcc 2.1.0 53.56 NOTE
r-devel-macos-arm64 2.1.0 23.00 OK
r-devel-macos-x86_64 2.1.0 40.00 OK
r-devel-windows-x86_64 2.1.0 3.00 45.00 48.00 OK
r-patched-linux-x86_64 2.1.0 2.41 21.48 23.89 NOTE
r-release-linux-x86_64 2.1.0 2.75 21.28 24.03 NOTE
r-release-macos-arm64 2.1.0 22.00 NOTE
r-release-macos-x86_64 2.1.0 34.00 NOTE
r-release-windows-x86_64 2.1.0 4.00 47.00 51.00 NOTE
r-oldrel-macos-arm64 2.1.0 22.00 NOTE
r-oldrel-macos-x86_64 2.1.0 32.00 NOTE
r-oldrel-windows-x86_64 2.1.0 3.00 46.00 49.00 NOTE

Check Details

Version: 2.1.0
Check: dependencies in R code
Result: NOTE Namespace in Imports field not imported from: ‘R6’ All declared Imports should be used. Flavors: r-devel-linux-x86_64-fedora-clang, r-devel-linux-x86_64-fedora-gcc

Version: 2.1.0
Check: LazyData
Result: NOTE 'LazyData' is specified without a 'data' directory Flavors: r-patched-linux-x86_64, r-release-linux-x86_64, r-release-macos-arm64, r-release-macos-x86_64, r-release-windows-x86_64, r-oldrel-macos-arm64, r-oldrel-macos-x86_64, r-oldrel-windows-x86_64