Last updated on 2025-02-20 14:51:03 CET.
Flavor | Version | Tinstall | Tcheck | Ttotal | Status | Flags |
---|---|---|---|---|---|---|
r-devel-linux-x86_64-debian-clang | 1.0.3 | 13.87 | 102.28 | 116.15 | NOTE | |
r-devel-linux-x86_64-debian-gcc | 1.0.3 | 8.74 | 72.01 | 80.75 | NOTE | |
r-devel-linux-x86_64-fedora-clang | 1.0.3 | 196.80 | NOTE | |||
r-devel-linux-x86_64-fedora-gcc | 1.0.3 | 173.90 | NOTE | |||
r-devel-macos-arm64 | 1.0.3 | 56.00 | NOTE | |||
r-devel-macos-x86_64 | 1.0.3 | 92.00 | NOTE | |||
r-devel-windows-x86_64 | 1.0.3 | 15.00 | 96.00 | 111.00 | NOTE | |
r-patched-linux-x86_64 | 1.0.3 | 11.83 | 94.03 | 105.86 | NOTE | |
r-release-linux-x86_64 | 1.0.3 | 13.60 | 93.60 | 107.20 | NOTE | |
r-release-macos-arm64 | 1.0.3 | 49.00 | NOTE | |||
r-release-macos-x86_64 | 1.0.3 | 69.00 | NOTE | |||
r-release-windows-x86_64 | 1.0.3 | 14.00 | 98.00 | 112.00 | NOTE | |
r-oldrel-macos-arm64 | 1.0.3 | 57.00 | OK | |||
r-oldrel-macos-x86_64 | 1.0.3 | 85.00 | OK | |||
r-oldrel-windows-x86_64 | 1.0.3 | 19.00 | 110.00 | 129.00 | OK |
Version: 1.0.3
Check: Rd files
Result: NOTE
checkRd: (-1) PhageCocktail.Rd:100-103: Lost braces
100 | "Result": {
| ^
checkRd: (-1) PhageCocktail.Rd:105-112: Lost braces
105 | "BacteriaLysed": {
| ^
Flavors: r-devel-linux-x86_64-debian-clang, r-devel-linux-x86_64-debian-gcc, r-devel-linux-x86_64-fedora-clang, r-devel-linux-x86_64-fedora-gcc, r-devel-macos-arm64, r-devel-macos-x86_64, r-devel-windows-x86_64, r-patched-linux-x86_64, r-release-linux-x86_64, r-release-macos-arm64, r-release-macos-x86_64, r-release-windows-x86_64