Last updated on 2025-02-21 02:52:20 CET.
Flavor | Version | Tinstall | Tcheck | Ttotal | Status | Flags |
---|---|---|---|---|---|---|
r-devel-linux-x86_64-debian-clang | 0.1.3 | 4.83 | 532.04 | 536.87 | OK | |
r-devel-linux-x86_64-debian-gcc | 0.1.3 | 2.53 | 424.49 | 427.02 | OK | |
r-devel-linux-x86_64-fedora-clang | 0.1.3 | 807.23 | OK | |||
r-devel-linux-x86_64-fedora-gcc | 0.1.3 | 882.48 | OK | |||
r-devel-macos-arm64 | 0.1.2 | 358.00 | ERROR | |||
r-devel-macos-x86_64 | 0.1.3 | 251.00 | OK | |||
r-devel-windows-x86_64 | 0.1.3 | 8.00 | 323.00 | 331.00 | OK | |
r-patched-linux-x86_64 | 0.1.3 | 4.72 | 530.99 | 535.71 | OK | |
r-release-linux-x86_64 | 0.1.3 | 4.51 | 532.00 | 536.51 | OK | |
r-release-macos-arm64 | 0.1.2 | 253.00 | ERROR | |||
r-release-macos-x86_64 | 0.1.3 | 253.00 | OK | |||
r-release-windows-x86_64 | 0.1.3 | 7.00 | 286.00 | 293.00 | OK | |
r-oldrel-macos-arm64 | 0.1.0 | 224.00 | OK | |||
r-oldrel-macos-x86_64 | 0.1.3 | 368.00 | OK | |||
r-oldrel-windows-x86_64 | 0.1.3 | 8.00 | 392.00 | 400.00 | OK |
Version: 0.1.2
Check: re-building of vignette outputs
Result: ERROR
Error(s) in re-building vignettes:
--- re-building ‘a01_DatabaseDiagnostics.Rmd’ using rmarkdown
trying URL 'https://example-data.ohdsi.dev/synpuf-1k_5.3.zip'
Content type 'application/zip' length 593048982 bytes (565.6 MB)
==================================================
downloaded 565.6 MB
Warning in file(con, "w") :
cannot open file 'a01_DatabaseDiagnostics.knit.md': No space left on device
Error: processing vignette 'a01_DatabaseDiagnostics.Rmd' failed with diagnostics:
cannot open the connection
--- failed re-building ‘a01_DatabaseDiagnostics.Rmd’
--- re-building ‘a02_CodelistDiagnostics.Rmd’ using rmarkdown
trying URL 'https://example-data.ohdsi.dev/synpuf-1k_5.3.zip'
Content type 'application/zip' length 593048982 bytes (565.6 MB)
==================================================
downloaded 565.6 MB
Warning in file(con, "w") :
cannot open file 'a02_CodelistDiagnostics.knit.md': No space left on device
Error: processing vignette 'a02_CodelistDiagnostics.Rmd' failed with diagnostics:
cannot open the connection
--- failed re-building ‘a02_CodelistDiagnostics.Rmd’
--- re-building ‘a03_CohortDiagnostics.Rmd’ using rmarkdown
trying URL 'https://example-data.ohdsi.dev/synpuf-1k_5.3.zip'
Content type 'application/zip' length 593048982 bytes (565.6 MB)
==================================================
downloaded 565.6 MB
Warning in file(con, "w") :
cannot open file 'a03_CohortDiagnostics.knit.md': No space left on device
Error: processing vignette 'a03_CohortDiagnostics.Rmd' failed with diagnostics:
cannot open the connection
--- failed re-building ‘a03_CohortDiagnostics.Rmd’
--- re-building ‘a04_MatchedDiagnostics.Rmd’ using rmarkdown
trying URL 'https://example-data.ohdsi.dev/synpuf-1k_5.3.zip'
Content type 'application/zip' length 593048982 bytes (565.6 MB)
==================================================
downloaded 565.6 MB
--- finished re-building ‘a04_MatchedDiagnostics.Rmd’
--- re-building ‘a05_PopulationDiagnostics.Rmd’ using rmarkdown
trying URL 'https://example-data.ohdsi.dev/synpuf-1k_5.3.zip'
Content type 'application/zip' length 593048982 bytes (565.6 MB)
==================================================
downloaded 565.6 MB
Warning in file(con, "w") :
cannot open file 'a05_PopulationDiagnostics.knit.md': No space left on device
Error: processing vignette 'a05_PopulationDiagnostics.Rmd' failed with diagnostics:
cannot open the connection
--- failed re-building ‘a05_PopulationDiagnostics.Rmd’
SUMMARY: processing the following files failed:
‘a01_DatabaseDiagnostics.Rmd’ ‘a02_CodelistDiagnostics.Rmd’
‘a03_CohortDiagnostics.Rmd’ ‘a05_PopulationDiagnostics.Rmd’
Error: Vignette re-building failed.
Execution halted
Flavor: r-devel-macos-arm64
Version: 0.1.2
Check: re-building of vignette outputs
Result: ERROR
Error(s) in re-building vignettes:
--- re-building ‘a01_DatabaseDiagnostics.Rmd’ using rmarkdown
trying URL 'https://example-data.ohdsi.dev/synpuf-1k_5.3.zip'
Content type 'application/zip' length 593048982 bytes (565.6 MB)
==================================================
downloaded 565.6 MB
Warning in file(con, "w") :
cannot open file 'a01_DatabaseDiagnostics.knit.md': No space left on device
Error: processing vignette 'a01_DatabaseDiagnostics.Rmd' failed with diagnostics:
cannot open the connection
--- failed re-building ‘a01_DatabaseDiagnostics.Rmd’
--- re-building ‘a02_CodelistDiagnostics.Rmd’ using rmarkdown
trying URL 'https://example-data.ohdsi.dev/synpuf-1k_5.3.zip'
Content type 'application/zip' length 593048982 bytes (565.6 MB)
==================================================
downloaded 565.6 MB
Warning in file(con, "w") :
cannot open file 'a02_CodelistDiagnostics.knit.md': No space left on device
Error: processing vignette 'a02_CodelistDiagnostics.Rmd' failed with diagnostics:
cannot open the connection
--- failed re-building ‘a02_CodelistDiagnostics.Rmd’
sh: line 1: 76563 Abort trap: 6 '/Library/Frameworks/R.framework/Resources/bin/R' --vanilla --no-echo > '/var/folders/k4/0jwzxmln0nb8y6rkzprptb640000gq/T//RtmpUBl2w6/file10b1d30018d09' 2>&1 < '/var/folders/k4/0jwzxmln0nb8y6rkzprptb640000gq/T//RtmpUBl2w6/file10b1d35d2627e'
--- re-building ‘a03_CohortDiagnostics.Rmd’ using rmarkdown
trying URL 'https://example-data.ohdsi.dev/synpuf-1k_5.3.zip'
Content type 'application/zip' length 593048982 bytes (565.6 MB)
==================================================
downloaded 565.6 MB
libc++abi: terminating due to uncaught exception of type duckdb::IOException: {"exception_type":"IO","exception_message":"Could not truncate file \"/private/var/folders/k4/0jwzxmln0nb8y6rkzprptb640000gq/T/Rtmp5g0tYj/synpuf-1k_5.3_1.1.duckdb.wal\": No space left on device","errno":"28"}
Warning in gzfile(file, mode) :
cannot open compressed file '/var/folders/k4/0jwzxmln0nb8y6rkzprptb640000gq/T//RtmpUBl2w6/file10b1d74059cd.rds', probable reason 'No space left on device'
Error in gzfile(file, mode) : cannot open the connection
Calls: <Anonymous> -> saveRDS -> gzfile
Execution halted
Flavor: r-release-macos-arm64