Last updated on 2025-02-20 14:51:03 CET.
Flavor | Version | Tinstall | Tcheck | Ttotal | Status | Flags |
---|---|---|---|---|---|---|
r-devel-linux-x86_64-debian-clang | 0.1.7 | 3.20 | 43.20 | 46.40 | OK | |
r-devel-linux-x86_64-debian-gcc | 0.1.7 | 2.18 | 32.45 | 34.63 | OK | |
r-devel-linux-x86_64-fedora-clang | 0.1.7 | 74.97 | OK | |||
r-devel-linux-x86_64-fedora-gcc | 0.1.7 | 85.89 | OK | |||
r-devel-macos-arm64 | 0.1.7 | 49.00 | OK | |||
r-devel-macos-x86_64 | 0.1.7 | 66.00 | OK | |||
r-devel-windows-x86_64 | 0.1.7 | 5.00 | 88.00 | 93.00 | OK | |
r-patched-linux-x86_64 | 0.1.7 | 3.51 | 40.75 | 44.26 | OK | |
r-release-linux-x86_64 | 0.1.7 | 3.10 | 40.82 | 43.92 | OK | |
r-release-macos-arm64 | 0.1.7 | 44.00 | OK | |||
r-release-macos-x86_64 | 0.1.7 | 63.00 | OK | |||
r-release-windows-x86_64 | 0.1.7 | 5.00 | 79.00 | 84.00 | ERROR | |
r-oldrel-macos-arm64 | 0.1.7 | 48.00 | OK | |||
r-oldrel-macos-x86_64 | 0.1.7 | 65.00 | OK | |||
r-oldrel-windows-x86_64 | 0.1.7 | 7.00 | 92.00 | 99.00 | OK |
Version: 0.1.7
Check: examples
Result: ERROR
Running examples in 'PortalHacienda-Ex.R' failed
The error most likely occurred in:
> ### Name: Get
> ### Title: Acceder a la API del Portal de Datos
> ### Aliases: Get
>
> ### ** Examples
>
> # Cargar serie mensual de TCN
> TCN <- Get("174.1_T_DE_CATES_0_0_32", start_date = "2017", timeout = 15)
Downloading data series...
Error: Unknown http status code: 525
Execution halted
Flavor: r-release-windows-x86_64
Version: 0.1.7
Check: re-building of vignette outputs
Result: ERROR
Error(s) in re-building vignettes:
--- re-building 'Tutorial.Rmd' using rmarkdown
Quitting from lines 44-45 [descarga] (Tutorial.Rmd)
Error: processing vignette 'Tutorial.Rmd' failed with diagnostics:
Unknown http status code: 525
--- failed re-building 'Tutorial.Rmd'
SUMMARY: processing the following file failed:
'Tutorial.Rmd'
Error: Vignette re-building failed.
Execution halted
Flavor: r-release-windows-x86_64