Last updated on 2025-02-18 02:50:45 CET.
Flavor | Version | Tinstall | Tcheck | Ttotal | Status | Flags |
---|---|---|---|---|---|---|
r-devel-linux-x86_64-debian-clang | 1.1.0 | 10.56 | 61.45 | 72.01 | NOTE | |
r-devel-linux-x86_64-debian-gcc | 1.1.0 | 7.31 | 40.91 | 48.22 | NOTE | |
r-devel-linux-x86_64-fedora-clang | 1.1.0 | 126.89 | NOTE | |||
r-devel-linux-x86_64-fedora-gcc | 1.1.0 | 131.10 | NOTE | |||
r-devel-macos-arm64 | 1.1.0 | 35.00 | NOTE | |||
r-devel-macos-x86_64 | 1.1.0 | 86.00 | NOTE | |||
r-devel-windows-x86_64 | 1.1.0 | 10.00 | 73.00 | 83.00 | NOTE | |
r-patched-linux-x86_64 | 1.1.0 | 10.83 | 56.36 | 67.19 | NOTE | |
r-release-linux-x86_64 | 1.1.0 | 9.90 | 58.16 | 68.06 | NOTE | |
r-release-macos-arm64 | 1.1.0 | 42.00 | NOTE | |||
r-release-macos-x86_64 | 1.1.0 | 75.00 | NOTE | |||
r-release-windows-x86_64 | 1.1.0 | 10.00 | 85.00 | 95.00 | NOTE | |
r-oldrel-macos-arm64 | 1.1.0 | 37.00 | NOTE | |||
r-oldrel-macos-x86_64 | 1.1.0 | 59.00 | NOTE | |||
r-oldrel-windows-x86_64 | 1.1.0 | 13.00 | 86.00 | 99.00 | NOTE |
Version: 1.1.0
Check: Rd files
Result: NOTE
checkRd: (-1) bira2.Rd:91: Escaped LaTeX specials: \&
checkRd: (-1) bira2.Rd:144: Escaped LaTeX specials: \&
checkRd: (-1) bira2.Rd:146: Escaped LaTeX specials: \&
checkRd: (-1) bira2.Rd:148: Escaped LaTeX specials: \&
checkRd: (-1) bira2.Rd:150: Escaped LaTeX specials: \&
checkRd: (-1) cra2.Rd:126: Escaped LaTeX specials: \&
checkRd: (-1) cra2.Rd:219: Escaped LaTeX specials: \&
checkRd: (-1) cra2.Rd:221: Escaped LaTeX specials: \&
checkRd: (-1) cra2.Rd:223: Escaped LaTeX specials: \&
checkRd: (-1) cra2.Rd:225: Escaped LaTeX specials: \&
checkRd: (-1) cra2.Rd:227: Escaped LaTeX specials: \&
checkRd: (-1) cra2.Rd:229: Escaped LaTeX specials: \&
checkRd: (-1) cra2.Rd:231: Escaped LaTeX specials: \&
checkRd: (-1) cra2.Rd:233: Escaped LaTeX specials: \&
checkRd: (-1) cra2.Rd:235: Escaped LaTeX specials: \&
checkRd: (-1) cra2.Rd:237: Escaped LaTeX specials: \&
checkRd: (-1) cra3.Rd:301: Escaped LaTeX specials: \&
checkRd: (-1) cra3.Rd:303: Escaped LaTeX specials: \&
checkRd: (-1) cra3.Rd:305: Escaped LaTeX specials: \&
checkRd: (-1) cra3.Rd:307: Escaped LaTeX specials: \&
checkRd: (-1) cra3.Rd:309: Escaped LaTeX specials: \&
checkRd: (-1) med_pn.Rd:129: Escaped LaTeX specials: \&
Flavors: r-devel-linux-x86_64-debian-clang, r-devel-linux-x86_64-debian-gcc, r-devel-linux-x86_64-fedora-clang, r-devel-linux-x86_64-fedora-gcc, r-devel-macos-arm64, r-devel-macos-x86_64, r-devel-windows-x86_64, r-patched-linux-x86_64, r-release-linux-x86_64, r-release-macos-arm64, r-release-macos-x86_64, r-release-windows-x86_64, r-oldrel-macos-arm64, r-oldrel-macos-x86_64, r-oldrel-windows-x86_64