Last updated on 2024-05-21 14:57:20 CEST.
Flavor | Version | Tinstall | Tcheck | Ttotal | Status | Flags |
---|---|---|---|---|---|---|
r-devel-linux-x86_64-debian-clang | 1.0-12 | 8.79 | 66.48 | 75.27 | NOTE | |
r-devel-linux-x86_64-debian-gcc | 1.0-12 | 5.55 | 48.82 | 54.37 | NOTE | |
r-devel-linux-x86_64-fedora-clang | 1.0-12 | 90.35 | NOTE | |||
r-devel-linux-x86_64-fedora-gcc | 1.0-12 | 85.41 | NOTE | |||
r-devel-windows-x86_64 | 1.0-12 | 7.00 | 64.00 | 71.00 | NOTE | |
r-patched-linux-x86_64 | 1.0-12 | 6.16 | 64.62 | 70.78 | NOTE | |
r-release-linux-x86_64 | 1.0-12 | 8.18 | 63.37 | 71.55 | NOTE | |
r-release-macos-arm64 | 1.0-12 | 29.00 | NOTE | |||
r-release-windows-x86_64 | 1.0-12 | 8.00 | 67.00 | 75.00 | NOTE | |
r-oldrel-macos-arm64 | 1.0-12 | 35.00 | NOTE | |||
r-oldrel-macos-x86_64 | 1.0-12 | 52.00 | NOTE | |||
r-oldrel-windows-x86_64 | 1.0-12 | 9.00 | 73.00 | 82.00 | NOTE |
Version: 1.0-12
Check: LazyData
Result: NOTE
'LazyData' is specified without a 'data' directory
Flavors: r-devel-linux-x86_64-debian-clang, r-devel-linux-x86_64-debian-gcc, r-devel-linux-x86_64-fedora-clang, r-devel-linux-x86_64-fedora-gcc, r-devel-windows-x86_64, r-patched-linux-x86_64, r-release-linux-x86_64, r-release-macos-arm64, r-release-windows-x86_64, r-oldrel-macos-arm64, r-oldrel-macos-x86_64, r-oldrel-windows-x86_64