Last updated on 2024-05-21 02:54:35 CEST.
Flavor | Version | Tinstall | Tcheck | Ttotal | Status | Flags |
---|---|---|---|---|---|---|
r-devel-linux-x86_64-debian-clang | 1.4-7 | 10.99 | 26.10 | 37.09 | OK | |
r-devel-linux-x86_64-debian-gcc | 1.4-7 | 7.53 | 19.79 | 27.32 | OK | |
r-devel-linux-x86_64-fedora-clang | 1.4-7 | 46.14 | NOTE | |||
r-devel-linux-x86_64-fedora-gcc | 1.4-7 | 45.78 | OK | |||
r-devel-windows-x86_64 | 1.4-7 | 10.00 | 47.00 | 57.00 | OK | |
r-patched-linux-x86_64 | 1.4-7 | 9.14 | 24.42 | 33.56 | OK | |
r-release-linux-x86_64 | 1.4-7 | 11.20 | 24.45 | 35.65 | OK | |
r-release-macos-arm64 | 1.4-7 | 19.00 | OK | |||
r-release-windows-x86_64 | 1.4-7 | 10.00 | 46.00 | 56.00 | OK | |
r-oldrel-macos-arm64 | 1.4-7 | 82.00 | OK | |||
r-oldrel-macos-x86_64 | 1.4-7 | 41.00 | OK | |||
r-oldrel-windows-x86_64 | 1.4-7 | 12.00 | 46.00 | 58.00 | OK |
Version: 1.4-7
Check: installed package size
Result: NOTE
installed size is 9.9Mb
sub-directories of 1Mb or more:
libs 9.7Mb
Flavor: r-devel-linux-x86_64-fedora-clang