Last updated on 2024-05-21 14:57:20 CEST.
Flavor | Version | Tinstall | Tcheck | Ttotal | Status | Flags |
---|---|---|---|---|---|---|
r-devel-linux-x86_64-debian-clang | 1.0-2 | 56.38 | 138.18 | 194.56 | OK | |
r-devel-linux-x86_64-debian-gcc | 1.0-2 | 47.31 | 108.52 | 155.83 | OK | |
r-devel-linux-x86_64-fedora-clang | 1.0-2 | 247.77 | OK | |||
r-devel-linux-x86_64-fedora-gcc | 1.0-2 | 236.83 | OK | |||
r-devel-windows-x86_64 | 1.0-2 | 49.00 | 121.00 | 170.00 | OK | |
r-patched-linux-x86_64 | 1.0-2 | 54.23 | 133.91 | 188.14 | OK | |
r-release-linux-x86_64 | 1.0-2 | 55.01 | 132.58 | 187.59 | OK | |
r-release-macos-arm64 | 1.0-2 | 86.00 | NOTE | |||
r-release-windows-x86_64 | 1.0-2 | 46.00 | 118.00 | 164.00 | OK | |
r-oldrel-macos-arm64 | 1.0-2 | 100.00 | NOTE | |||
r-oldrel-macos-x86_64 | 1.0-2 | 144.00 | NOTE | |||
r-oldrel-windows-x86_64 | 1.0-2 | 46.00 | 144.00 | 190.00 | OK |
Version: 1.0-2
Check: installed package size
Result: NOTE
installed size is 5.4Mb
sub-directories of 1Mb or more:
R 5.2Mb
Flavors: r-release-macos-arm64, r-oldrel-macos-arm64, r-oldrel-macos-x86_64