Last updated on 2025-05-18 02:49:46 CEST.
Flavor | Version | Tinstall | Tcheck | Ttotal | Status | Flags |
---|---|---|---|---|---|---|
r-devel-linux-x86_64-debian-clang | 3.0.1 | 16.09 | 190.12 | 206.21 | NOTE | |
r-devel-linux-x86_64-debian-gcc | 3.0.1 | 11.68 | 136.13 | 147.81 | NOTE | |
r-devel-linux-x86_64-fedora-clang | 3.0.1 | 323.30 | OK | |||
r-devel-linux-x86_64-fedora-gcc | 3.0.1 | 331.74 | OK | |||
r-devel-windows-x86_64 | 3.0.1 | 17.00 | 230.00 | 247.00 | NOTE | |
r-patched-linux-x86_64 | 3.0.1 | 14.43 | 187.56 | 201.99 | NOTE | |
r-release-linux-x86_64 | 3.0.1 | 14.57 | 188.30 | 202.87 | NOTE | |
r-release-macos-arm64 | 3.0.1 | 106.00 | OK | |||
r-release-macos-x86_64 | 3.0.1 | 230.00 | OK | |||
r-release-windows-x86_64 | 3.0.1 | 17.00 | 227.00 | 244.00 | NOTE | |
r-oldrel-macos-arm64 | 3.0.1 | 114.00 | OK | |||
r-oldrel-macos-x86_64 | 3.0.1 | 165.00 | OK | |||
r-oldrel-windows-x86_64 | 3.0.1 | 24.00 | 277.00 | 301.00 | OK |
Version: 3.0.1
Check: Rd cross-references
Result: NOTE
Found the following Rd file(s) with Rd \link{} targets missing package
anchors:
anova.cmprsk.Rd: rms
crr.fit.Rd: rms
nomogram.mk6.Rd: rms, plot.summary.rms
summary.cmprsk.Rd: rms
Please provide package anchors for all Rd \link{} targets not in the
package itself and the base packages.
Flavors: r-devel-linux-x86_64-debian-clang, r-devel-linux-x86_64-debian-gcc, r-devel-windows-x86_64, r-patched-linux-x86_64, r-release-linux-x86_64, r-release-windows-x86_64