Last updated on 2025-05-29 02:50:58 CEST.
Flavor | Version | Tinstall | Tcheck | Ttotal | Status | Flags |
---|---|---|---|---|---|---|
r-devel-linux-x86_64-debian-clang | 3.4 | 31.89 | 120.01 | 151.90 | NOTE | |
r-devel-linux-x86_64-debian-gcc | 3.4 | 20.06 | 82.45 | 102.51 | NOTE | |
r-devel-linux-x86_64-fedora-clang | 3.4 | 250.58 | OK | |||
r-devel-linux-x86_64-fedora-gcc | 3.4 | 244.92 | OK | |||
r-devel-windows-x86_64 | 3.4 | 31.00 | 137.00 | 168.00 | OK | |
r-patched-linux-x86_64 | 3.4 | 27.84 | 115.36 | 143.20 | OK | |
r-release-linux-x86_64 | 3.4 | 30.11 | 114.74 | 144.85 | OK | |
r-release-macos-arm64 | 3.4 | 66.00 | OK | |||
r-release-macos-x86_64 | 3.4 | 127.00 | OK | |||
r-release-windows-x86_64 | 3.4 | 32.00 | 132.00 | 164.00 | OK | |
r-oldrel-macos-arm64 | 3.4 | 63.00 | OK | |||
r-oldrel-macos-x86_64 | 3.4 | 112.00 | OK | |||
r-oldrel-windows-x86_64 | 3.4 | 45.00 | 178.00 | 223.00 | OK |
Version: 3.4
Check: CRAN incoming feasibility
Result: NOTE
Maintainer: ‘Yuanming Zhang<soyzhang@mail.hzau.edu.cn>’
No Authors@R field in DESCRIPTION.
Please add one, modifying
Authors@R: c(person(given = "Zhou",
family = "Ya-Hui",
role = "aut"),
person(given = "Zhang",
family = "Ya-Wen",
role = "aut"),
person(given = "Wen",
family = "Yang-Jun",
role = "aut"),
person(given = "Wang",
family = "Shi-Bo",
role = "aut"),
person(given = "Zhang",
family = "Yuan-Ming",
role = "aut"),
person(given = "Yuanming",
family = "Zhang",
role = "cre",
email = "soyzhang@mail.hzau.edu.cn"))
as necessary.
Flavors: r-devel-linux-x86_64-debian-clang, r-devel-linux-x86_64-debian-gcc