Last updated on 2025-02-18 02:50:46 CET.
Flavor | Version | Tinstall | Tcheck | Ttotal | Status | Flags |
---|---|---|---|---|---|---|
r-devel-linux-x86_64-debian-clang | 3.4 | 33.10 | 122.11 | 155.21 | OK | |
r-devel-linux-x86_64-debian-gcc | 3.4 | 20.16 | 80.70 | 100.86 | OK | |
r-devel-linux-x86_64-fedora-clang | 3.4 | 252.32 | OK | |||
r-devel-linux-x86_64-fedora-gcc | 3.4 | 236.92 | OK | |||
r-devel-macos-arm64 | 3.4 | 66.00 | OK | |||
r-devel-macos-x86_64 | 3.4 | 140.00 | OK | |||
r-devel-windows-x86_64 | 3.4 | 34.00 | 140.00 | 174.00 | OK | |
r-patched-linux-x86_64 | 3.4 | 29.67 | 111.83 | 141.50 | OK | |
r-release-linux-x86_64 | 3.4 | 31.03 | 111.95 | 142.98 | OK | |
r-release-macos-arm64 | 3.4 | 63.00 | OK | |||
r-release-macos-x86_64 | 3.4 | 112.00 | OK | |||
r-release-windows-x86_64 | 3.4 | 37.00 | 139.00 | 176.00 | OK | |
r-oldrel-macos-arm64 | 3.4 | 72.00 | OK | |||
r-oldrel-macos-x86_64 | 3.4 | 125.00 | OK | |||
r-oldrel-windows-x86_64 | 3.4 | 43.00 | 173.00 | 216.00 | NOTE |
Version: 3.4
Check: installed package size
Result: NOTE
installed size is 5.1Mb
sub-directories of 1Mb or more:
extdata 3.0Mb
libs 1.0Mb
Flavor: r-oldrel-windows-x86_64