Last updated on 2025-02-21 02:52:22 CET.
Flavor | Version | Tinstall | Tcheck | Ttotal | Status | Flags |
---|---|---|---|---|---|---|
r-devel-linux-x86_64-debian-clang | 1.1.20 | 42.33 | 33.53 | 75.86 | OK | |
r-devel-linux-x86_64-debian-gcc | 1.1.20 | 33.91 | 27.84 | 61.75 | OK | |
r-devel-linux-x86_64-fedora-clang | 1.1.20 | 137.93 | OK | |||
r-devel-linux-x86_64-fedora-gcc | 1.1.20 | 145.55 | OK | |||
r-devel-macos-arm64 | 1.1.20 | 40.00 | OK | |||
r-devel-macos-x86_64 | 1.1.20 | 68.00 | OK | |||
r-devel-windows-x86_64 | 1.1.20 | 41.00 | 75.00 | 116.00 | OK | |
r-patched-linux-x86_64 | 1.1.20 | 44.47 | 35.88 | 80.35 | OK | |
r-release-linux-x86_64 | 1.1.20 | 45.06 | 36.06 | 81.12 | OK | |
r-release-macos-arm64 | 1.1.20 | 39.00 | NOTE | |||
r-release-macos-x86_64 | 1.1.20 | 68.00 | NOTE | |||
r-release-windows-x86_64 | 1.1.20 | 44.00 | 73.00 | 117.00 | OK | |
r-oldrel-macos-arm64 | 1.1.20 | 39.00 | NOTE | |||
r-oldrel-macos-x86_64 | 1.1.20 | 66.00 | NOTE | |||
r-oldrel-windows-x86_64 | 1.1.20 | 55.00 | 82.00 | 137.00 | OK |
Version: 1.1.20
Check: installed package size
Result: NOTE
installed size is 15.3Mb
sub-directories of 1Mb or more:
extra 1.4Mb
libs 13.1Mb
Flavors: r-release-macos-arm64, r-release-macos-x86_64, r-oldrel-macos-arm64, r-oldrel-macos-x86_64