Last updated on 2025-02-21 02:52:22 CET.
Flavor | Version | Tinstall | Tcheck | Ttotal | Status | Flags |
---|---|---|---|---|---|---|
r-devel-linux-x86_64-debian-clang | 2.1-22.1 | 4.37 | 39.60 | 43.97 | NOTE | |
r-devel-linux-x86_64-debian-gcc | 2.1-22.1 | 2.84 | 29.82 | 32.66 | NOTE | |
r-devel-linux-x86_64-fedora-clang | 2.1-22.1 | 71.28 | OK | |||
r-devel-linux-x86_64-fedora-gcc | 2.1-22.1 | 82.49 | OK | |||
r-devel-macos-arm64 | 2.1-22.1 | 36.00 | OK | |||
r-devel-macos-x86_64 | 2.1-22.1 | 72.00 | OK | |||
r-devel-windows-x86_64 | 2.1-22.1 | 4.00 | 82.00 | 86.00 | OK | |
r-patched-linux-x86_64 | 2.1-22.1 | 3.94 | 38.16 | 42.10 | NOTE | |
r-release-linux-x86_64 | 2.1-22.1 | 3.34 | 38.00 | 41.34 | NOTE | |
r-release-macos-arm64 | 2.1-22.1 | 46.00 | NOTE | |||
r-release-macos-x86_64 | 2.1-22.1 | 52.00 | NOTE | |||
r-release-windows-x86_64 | 2.1-22.1 | 5.00 | 83.00 | 88.00 | NOTE | |
r-oldrel-macos-arm64 | 2.1-22.1 | 47.00 | NOTE | |||
r-oldrel-macos-x86_64 | 2.1-22.1 | 131.00 | NOTE | |||
r-oldrel-windows-x86_64 | 2.1-22.1 | 6.00 | 98.00 | 104.00 | NOTE |
Version: 2.1-22.1
Check: R code for possible problems
Result: NOTE
Found the following calls to attach():
File ‘R2WinBUGS/R/attach.all.R’:
attach(x, name = name)
See section ‘Good practice’ in ‘?attach’.
Flavors: r-devel-linux-x86_64-debian-clang, r-devel-linux-x86_64-debian-gcc, r-patched-linux-x86_64, r-release-linux-x86_64
Version: 2.1-22.1
Check: package dependencies
Result: NOTE
Package suggested but not available for checking: ‘BRugs’
Flavors: r-release-macos-arm64, r-release-macos-x86_64, r-release-windows-x86_64, r-oldrel-macos-arm64, r-oldrel-macos-x86_64, r-oldrel-windows-x86_64
Version: 2.1-22.1
Check: Rd cross-references
Result: NOTE
Package unavailable to check Rd xrefs: ‘BRugs’
Flavors: r-release-macos-arm64, r-release-macos-x86_64, r-oldrel-macos-arm64, r-oldrel-macos-x86_64