Last updated on 2025-02-18 02:50:46 CET.
Flavor | Version | Tinstall | Tcheck | Ttotal | Status | Flags |
---|---|---|---|---|---|---|
r-devel-linux-x86_64-debian-clang | 0.2.5 | 5.00 | 41.53 | 46.53 | NOTE | |
r-devel-linux-x86_64-debian-gcc | 0.2.5 | 2.88 | 31.18 | 34.06 | NOTE | |
r-devel-linux-x86_64-fedora-clang | 0.2.5 | 81.40 | OK | |||
r-devel-linux-x86_64-fedora-gcc | 0.2.5 | 85.96 | OK | |||
r-devel-macos-arm64 | 0.2.5 | 35.00 | OK | |||
r-devel-macos-x86_64 | 0.2.5 | 68.00 | OK | |||
r-devel-windows-x86_64 | 0.2.5 | 7.00 | 68.00 | 75.00 | NOTE | |
r-patched-linux-x86_64 | 0.2.5 | 7.47 | 39.81 | 47.28 | OK | |
r-release-linux-x86_64 | 0.2.5 | 3.30 | 39.71 | 43.01 | OK | |
r-release-macos-arm64 | 0.2.5 | 31.00 | OK | |||
r-release-macos-x86_64 | 0.2.5 | 53.00 | OK | |||
r-release-windows-x86_64 | 0.2.5 | 6.00 | 67.00 | 73.00 | OK | |
r-oldrel-macos-arm64 | 0.2.5 | 32.00 | OK | |||
r-oldrel-macos-x86_64 | 0.2.5 | 80.00 | OK | |||
r-oldrel-windows-x86_64 | 0.2.5 | 8.00 | 73.00 | 81.00 | OK |
Version: 0.2.5
Check: Rd cross-references
Result: NOTE
Found the following Rd file(s) with Rd \link{} targets missing package
anchors:
html_doc.Rd: whisker-package
ltx_doc.Rd: whisker-package
Please provide package anchors for all Rd \link{} targets not in the
package itself and the base packages.
Flavors: r-devel-linux-x86_64-debian-clang, r-devel-linux-x86_64-debian-gcc, r-devel-windows-x86_64