Last updated on 2025-02-18 02:50:46 CET.
Flavor | Version | Tinstall | Tcheck | Ttotal | Status | Flags |
---|---|---|---|---|---|---|
r-devel-linux-x86_64-debian-clang | 0.1.35 | 79.88 | 180.78 | 260.66 | OK | |
r-devel-linux-x86_64-debian-gcc | 0.1.35 | 67.95 | 123.68 | 191.63 | OK | |
r-devel-linux-x86_64-fedora-clang | 0.1.35 | 454.26 | OK | |||
r-devel-linux-x86_64-fedora-gcc | 0.1.35 | 477.10 | OK | |||
r-devel-macos-arm64 | 0.1.35 | 120.00 | OK | |||
r-devel-macos-x86_64 | 0.1.35 | 267.00 | OK | |||
r-devel-windows-x86_64 | 0.1.35 | 79.00 | 200.00 | 279.00 | OK | |
r-patched-linux-x86_64 | 0.1.35 | 100.16 | 176.33 | 276.49 | OK | |
r-release-linux-x86_64 | 0.1.35 | 89.28 | 174.88 | 264.16 | OK | |
r-release-macos-arm64 | 0.1.35 | 110.00 | NOTE | |||
r-release-macos-x86_64 | 0.1.35 | 175.00 | NOTE | |||
r-release-windows-x86_64 | 0.1.35 | 83.00 | 193.00 | 276.00 | OK | |
r-oldrel-macos-arm64 | 0.1.35 | 112.00 | NOTE | |||
r-oldrel-macos-x86_64 | 0.1.35 | 327.00 | NOTE | |||
r-oldrel-windows-x86_64 | 0.1.35 | 101.00 | 269.00 | 370.00 | OK |
Version: 0.1.35
Check: installed package size
Result: NOTE
installed size is 34.7Mb
sub-directories of 1Mb or more:
libs 33.2Mb
Flavors: r-release-macos-arm64, r-release-macos-x86_64, r-oldrel-macos-arm64, r-oldrel-macos-x86_64