Last updated on 2025-05-08 02:51:06 CEST.
Flavor | Version | Tinstall | Tcheck | Ttotal | Status | Flags |
---|---|---|---|---|---|---|
r-devel-linux-x86_64-debian-clang | 2.0 | 2.73 | 26.94 | 29.67 | NOTE | |
r-devel-linux-x86_64-debian-gcc | 2.0 | 2.18 | 20.90 | 23.08 | NOTE | |
r-devel-linux-x86_64-fedora-clang | 2.0 | 45.95 | OK | |||
r-devel-linux-x86_64-fedora-gcc | 2.0 | 43.97 | OK | |||
r-devel-windows-x86_64 | 2.0 | 4.00 | 44.00 | 48.00 | OK | |
r-patched-linux-x86_64 | 2.0 | 2.65 | 25.60 | 28.25 | OK | |
r-release-linux-x86_64 | 2.0 | 2.51 | 25.75 | 28.26 | OK | |
r-release-macos-arm64 | 2.0 | 21.00 | OK | |||
r-release-macos-x86_64 | 2.0 | 29.00 | OK | |||
r-release-windows-x86_64 | 2.0 | 5.00 | 47.00 | 52.00 | OK | |
r-oldrel-macos-arm64 | 2.0 | 19.00 | OK | |||
r-oldrel-macos-x86_64 | 2.0 | 28.00 | OK | |||
r-oldrel-windows-x86_64 | 2.0 | 5.00 | 58.00 | 63.00 | OK |
Version: 2.0
Check: CRAN incoming feasibility
Result: NOTE
Maintainer: ‘Amir Goldberg <amirgo@stanford.edu>’
No Authors@R field in DESCRIPTION.
Please add one, modifying
Authors@R: c(person(given = "Amir",
family = "Goldberg",
role = c("aut", "cre"),
email = "amirgo@stanford.edu"),
person(given = c("Sarah", "K."),
family = "Stein",
role = "aut"))
as necessary.
Flavors: r-devel-linux-x86_64-debian-clang, r-devel-linux-x86_64-debian-gcc