Last updated on 2025-02-21 02:52:22 CET.
Flavor | Version | Tinstall | Tcheck | Ttotal | Status | Flags |
---|---|---|---|---|---|---|
r-devel-linux-x86_64-debian-clang | 1.0.3 | 24.27 | 233.12 | 257.39 | NOTE | |
r-devel-linux-x86_64-debian-gcc | 1.0.3 | 17.29 | 143.88 | 161.17 | NOTE | |
r-devel-linux-x86_64-fedora-clang | 1.0.3 | 422.48 | NOTE | |||
r-devel-linux-x86_64-fedora-gcc | 1.0.3 | 410.55 | NOTE | |||
r-devel-macos-arm64 | 1.0.3 | 85.00 | NOTE | |||
r-devel-macos-x86_64 | 1.0.3 | 225.00 | NOTE | |||
r-devel-windows-x86_64 | 1.0.3 | 23.00 | 179.00 | 202.00 | NOTE | |
r-patched-linux-x86_64 | 1.0.3 | 25.36 | 218.06 | 243.42 | NOTE | |
r-release-linux-x86_64 | 1.0.3 | 23.91 | 216.97 | 240.88 | NOTE | |
r-release-macos-arm64 | 1.0.3 | 82.00 | NOTE | |||
r-release-macos-x86_64 | 1.0.3 | 142.00 | NOTE | |||
r-release-windows-x86_64 | 1.0.3 | 23.00 | 169.00 | 192.00 | NOTE | |
r-oldrel-macos-arm64 | 1.0.3 | 88.00 | NOTE | |||
r-oldrel-macos-x86_64 | 1.0.3 | 165.00 | NOTE | |||
r-oldrel-windows-x86_64 | 1.0.3 | 33.00 | 266.00 | 299.00 | NOTE |
Version: 1.0.3
Check: Rd files
Result: NOTE
checkRd: (-1) nc_open_CGLS.Rd:29-32: Lost braces
29 | if(resolution == "300m"){
| ^
checkRd: (-1) nc_open_CGLS.Rd:33-36: Lost braces
33 | if(resolution == "1km"){
| ^
Flavors: r-devel-linux-x86_64-debian-clang, r-devel-linux-x86_64-debian-gcc, r-devel-linux-x86_64-fedora-clang, r-devel-linux-x86_64-fedora-gcc, r-devel-macos-arm64, r-devel-macos-x86_64, r-devel-windows-x86_64, r-patched-linux-x86_64, r-release-linux-x86_64, r-release-macos-arm64, r-release-macos-x86_64, r-release-windows-x86_64
Version: 1.0.3
Check: LazyData
Result: NOTE
'LazyData' is specified without a 'data' directory
Flavors: r-patched-linux-x86_64, r-release-linux-x86_64, r-release-macos-arm64, r-release-macos-x86_64, r-release-windows-x86_64, r-oldrel-macos-arm64, r-oldrel-macos-x86_64, r-oldrel-windows-x86_64