Last updated on 2025-02-21 02:52:23 CET.
Flavor | Version | Tinstall | Tcheck | Ttotal | Status | Flags |
---|---|---|---|---|---|---|
r-devel-linux-x86_64-debian-clang | 0.4.1 | 3.75 | 32.35 | 36.10 | OK | |
r-devel-linux-x86_64-debian-gcc | 0.4.1 | 2.15 | 23.04 | 25.19 | OK | |
r-devel-linux-x86_64-fedora-clang | 0.4.1 | 59.13 | OK | |||
r-devel-linux-x86_64-fedora-gcc | 0.4.1 | 51.73 | OK | |||
r-devel-macos-arm64 | 0.4.1 | 20.00 | OK | |||
r-devel-macos-x86_64 | 0.4.1 | 37.00 | OK | |||
r-devel-windows-x86_64 | 0.4.1 | 5.00 | 48.00 | 53.00 | OK | |
r-patched-linux-x86_64 | 0.4.1 | 3.29 | 28.86 | 32.15 | NOTE | |
r-release-linux-x86_64 | 0.4.1 | 3.32 | 28.73 | 32.05 | NOTE | |
r-release-macos-arm64 | 0.4.1 | 19.00 | NOTE | |||
r-release-macos-x86_64 | 0.4.1 | 29.00 | NOTE | |||
r-release-windows-x86_64 | 0.4.1 | 5.00 | 47.00 | 52.00 | NOTE | |
r-oldrel-macos-arm64 | 0.4.1 | 21.00 | NOTE | |||
r-oldrel-macos-x86_64 | 0.4.1 | 32.00 | NOTE | |||
r-oldrel-windows-x86_64 | 0.4.1 | 6.00 | 67.00 | 73.00 | NOTE |
Version: 0.4.1
Check: LazyData
Result: NOTE
'LazyData' is specified without a 'data' directory
Flavors: r-patched-linux-x86_64, r-release-linux-x86_64, r-release-macos-arm64, r-release-macos-x86_64, r-release-windows-x86_64, r-oldrel-macos-arm64, r-oldrel-macos-x86_64, r-oldrel-windows-x86_64