Last updated on 2025-02-18 02:50:47 CET.
Flavor | Version | Tinstall | Tcheck | Ttotal | Status | Flags |
---|---|---|---|---|---|---|
r-devel-linux-x86_64-debian-clang | 1.2.9 | 10.22 | 221.42 | 231.64 | NOTE | |
r-devel-linux-x86_64-debian-gcc | 1.2.9 | 8.54 | 139.74 | 148.28 | NOTE | |
r-devel-linux-x86_64-fedora-clang | 1.2.9 | 406.02 | OK | |||
r-devel-linux-x86_64-fedora-gcc | 1.2.9 | 379.56 | OK | |||
r-devel-macos-arm64 | 1.2.9 | 92.00 | OK | |||
r-devel-macos-x86_64 | 1.2.9 | 233.00 | OK | |||
r-devel-windows-x86_64 | 1.2.9 | 12.00 | 207.00 | 219.00 | NOTE | |
r-patched-linux-x86_64 | 1.2.9 | 13.27 | 206.38 | 219.65 | OK | |
r-release-linux-x86_64 | 1.2.9 | 9.99 | 209.16 | 219.15 | OK | |
r-release-macos-arm64 | 1.2.9 | 90.00 | OK | |||
r-release-macos-x86_64 | 1.2.9 | 156.00 | OK | |||
r-release-windows-x86_64 | 1.2.9 | 13.00 | 204.00 | 217.00 | OK | |
r-oldrel-macos-arm64 | 1.2.9 | 97.00 | OK | |||
r-oldrel-macos-x86_64 | 1.2.9 | 188.00 | OK | |||
r-oldrel-windows-x86_64 | 1.2.9 | 15.00 | 305.00 | 320.00 | OK |
Version: 1.2.9
Check: Rd cross-references
Result: NOTE
Found the following Rd file(s) with Rd \link{} targets missing package
anchors:
CCGammaToBlockmatrix.Rd: blockmatrix
omega.Rd: normalCopula, pcopula
omega_inv.Rd: nearPD, normalCopula, pcopula
omega_root.Rd: normalCopula, pcopula
Please provide package anchors for all Rd \link{} targets not in the
package itself and the base packages.
Flavors: r-devel-linux-x86_64-debian-clang, r-devel-linux-x86_64-debian-gcc, r-devel-windows-x86_64