CRAN Package Check Results for Package RImpact

Last updated on 2025-02-18 02:50:47 CET.

Flavor Version Tinstall Tcheck Ttotal Status Flags
r-devel-linux-x86_64-debian-clang 1.0 1.71 16.11 17.82 OK
r-devel-linux-x86_64-debian-gcc 1.0 1.38 13.65 15.03 OK
r-devel-linux-x86_64-fedora-clang 1.0 29.49 OK
r-devel-linux-x86_64-fedora-gcc 1.0 27.63 OK
r-devel-macos-arm64 1.0 13.00 OK
r-devel-macos-x86_64 1.0 24.00 OK
r-devel-windows-x86_64 1.0 3.00 34.00 37.00 OK
r-patched-linux-x86_64 1.0 1.77 15.66 17.43 NOTE
r-release-linux-x86_64 1.0 1.56 15.60 17.16 NOTE
r-release-macos-arm64 1.0 12.00 NOTE
r-release-macos-x86_64 1.0 20.00 NOTE
r-release-windows-x86_64 1.0 3.00 34.00 37.00 NOTE
r-oldrel-macos-arm64 1.0 14.00 NOTE
r-oldrel-macos-x86_64 1.0 16.00 NOTE
r-oldrel-windows-x86_64 1.0 4.00 35.00 39.00 NOTE

Check Details

Version: 1.0
Check: LazyData
Result: NOTE 'LazyData' is specified without a 'data' directory Flavors: r-patched-linux-x86_64, r-release-linux-x86_64, r-release-macos-arm64, r-release-macos-x86_64, r-release-windows-x86_64, r-oldrel-macos-arm64, r-oldrel-macos-x86_64, r-oldrel-windows-x86_64