Last updated on 2025-02-18 02:50:47 CET.
Flavor | Version | Tinstall | Tcheck | Ttotal | Status | Flags |
---|---|---|---|---|---|---|
r-devel-linux-x86_64-debian-clang | 3.2.4 | 72.82 | 44.39 | 117.21 | NOTE | |
r-devel-linux-x86_64-debian-gcc | 3.2.4 | 51.42 | 35.96 | 87.38 | NOTE | |
r-devel-linux-x86_64-fedora-clang | 3.2.4 | 237.72 | NOTE | |||
r-devel-linux-x86_64-fedora-gcc | 3.2.4 | 233.40 | NOTE | |||
r-devel-macos-arm64 | 3.2.4 | 64.00 | NOTE | |||
r-devel-macos-x86_64 | 3.2.4 | 93.00 | NOTE | |||
r-devel-windows-x86_64 | 3.2.4 | 80.00 | 91.00 | 171.00 | NOTE | |
r-patched-linux-x86_64 | 3.2.4 | 70.43 | 43.22 | 113.65 | NOTE | |
r-release-linux-x86_64 | 3.2.4 | 73.03 | 42.64 | 115.67 | NOTE | |
r-release-macos-arm64 | 3.2.4 | 66.00 | NOTE | |||
r-release-macos-x86_64 | 3.2.4 | 85.00 | NOTE | |||
r-release-windows-x86_64 | 3.2.4 | 82.00 | 85.00 | 167.00 | NOTE | |
r-oldrel-macos-arm64 | 3.2.4 | 74.00 | NOTE | |||
r-oldrel-macos-x86_64 | 3.2.4 | 110.00 | NOTE | |||
r-oldrel-windows-x86_64 | 3.2.4 | 97.00 | 101.00 | 198.00 | NOTE |
Version: 3.2.4
Check: C++ specification
Result: NOTE
Specified C++11: please drop specification unless essential
Flavors: r-devel-linux-x86_64-debian-clang, r-devel-linux-x86_64-debian-gcc, r-devel-linux-x86_64-fedora-clang, r-devel-linux-x86_64-fedora-gcc, r-devel-macos-arm64, r-devel-macos-x86_64, r-devel-windows-x86_64, r-patched-linux-x86_64, r-release-linux-x86_64, r-release-macos-arm64, r-release-macos-x86_64, r-release-windows-x86_64, r-oldrel-macos-arm64, r-oldrel-macos-x86_64, r-oldrel-windows-x86_64
Version: 3.2.4
Check: top-level files
Result: NOTE
possible bashism in configure.ac line 36 (should be 'b = a'):
if test x"${RSysinfoName}" == x"Darwin"; then
possible bashism in configure.ac line 47 (should be 'b = a'):
if test x"${hasOpenMP}" == x""; then
Flavors: r-devel-linux-x86_64-debian-clang, r-devel-linux-x86_64-debian-gcc, r-devel-linux-x86_64-fedora-clang, r-devel-linux-x86_64-fedora-gcc