Last updated on 2024-05-21 14:57:22 CEST.
Flavor | Version | Tinstall | Tcheck | Ttotal | Status | Flags |
---|---|---|---|---|---|---|
r-devel-linux-x86_64-debian-clang | 1.0.5 | 8.04 | 19.64 | 27.68 | OK | |
r-devel-linux-x86_64-debian-gcc | 1.0.5 | 1.94 | 15.47 | 17.41 | OK | |
r-devel-linux-x86_64-fedora-clang | 1.0.5 | 27.91 | NOTE | |||
r-devel-linux-x86_64-fedora-gcc | 1.0.5 | 26.35 | OK | |||
r-devel-windows-x86_64 | 1.0.5 | 7.00 | 34.00 | 41.00 | NOTE | |
r-patched-linux-x86_64 | 1.0.5 | 7.58 | 18.81 | 26.39 | OK | |
r-release-linux-x86_64 | 1.0.5 | 7.78 | 18.98 | 26.76 | OK | |
r-release-macos-arm64 | 1.0.5 | 13.00 | NOTE | |||
r-release-windows-x86_64 | 1.0.5 | 8.00 | 34.00 | 42.00 | NOTE | |
r-oldrel-macos-arm64 | 1.0.5 | 13.00 | NOTE | |||
r-oldrel-macos-x86_64 | 1.0.5 | 17.00 | NOTE | |||
r-oldrel-windows-x86_64 | 1.0.5 | 9.00 | 33.00 | 42.00 | NOTE |
Version: 1.0.5
Check: installed package size
Result: NOTE
installed size is 10.3Mb
sub-directories of 1Mb or more:
datasets 10.2Mb
Flavors: r-devel-linux-x86_64-fedora-clang, r-devel-windows-x86_64, r-release-macos-arm64, r-release-windows-x86_64, r-oldrel-macos-arm64, r-oldrel-macos-x86_64, r-oldrel-windows-x86_64