Last updated on 2025-05-10 02:49:54 CEST.
Flavor | Version | Tinstall | Tcheck | Ttotal | Status | Flags |
---|---|---|---|---|---|---|
r-devel-linux-x86_64-debian-clang | 0.9.9 | 3.92 | 46.58 | 50.50 | NOTE | |
r-devel-linux-x86_64-debian-gcc | 0.9.9 | 2.34 | 34.84 | 37.18 | NOTE | |
r-devel-linux-x86_64-fedora-clang | 0.9.9 | 77.63 | NOTE | |||
r-devel-linux-x86_64-fedora-gcc | 0.9.9 | 89.50 | NOTE | |||
r-devel-windows-x86_64 | 0.9.9 | 5.00 | 62.00 | 67.00 | NOTE | |
r-patched-linux-x86_64 | 0.9.9 | 3.97 | 43.81 | 47.78 | NOTE | |
r-release-linux-x86_64 | 0.9.9 | 3.35 | 42.98 | 46.33 | NOTE | |
r-release-macos-arm64 | 0.9.9 | 42.00 | NOTE | |||
r-release-macos-x86_64 | 0.9.9 | 61.00 | NOTE | |||
r-release-windows-x86_64 | 0.9.9 | 5.00 | 60.00 | 65.00 | NOTE | |
r-oldrel-macos-arm64 | 0.9.9 | 32.00 | NOTE | |||
r-oldrel-macos-x86_64 | 0.9.9 | 55.00 | NOTE | |||
r-oldrel-windows-x86_64 | 0.9.9 | 7.00 | 76.00 | 83.00 | NOTE |
Version: 0.9.9
Check: package subdirectories
Result: NOTE
Problems with news in ‘NEWS.md’:
No news entries found.
Flavors: r-devel-linux-x86_64-debian-clang, r-devel-linux-x86_64-debian-gcc, r-devel-linux-x86_64-fedora-clang, r-devel-linux-x86_64-fedora-gcc, r-devel-windows-x86_64, r-patched-linux-x86_64, r-release-linux-x86_64, r-release-macos-arm64, r-release-macos-x86_64, r-release-windows-x86_64, r-oldrel-macos-arm64, r-oldrel-macos-x86_64, r-oldrel-windows-x86_64