Last updated on 2025-02-21 02:52:23 CET.
Flavor | Version | Tinstall | Tcheck | Ttotal | Status | Flags |
---|---|---|---|---|---|---|
r-devel-linux-x86_64-debian-clang | 4.1.4 | 7.36 | 160.89 | 168.25 | NOTE | |
r-devel-linux-x86_64-debian-gcc | 4.1.4 | 4.79 | 107.73 | 112.52 | NOTE | |
r-devel-linux-x86_64-fedora-clang | 4.1.4 | 292.92 | OK | |||
r-devel-linux-x86_64-fedora-gcc | 4.1.4 | 290.90 | OK | |||
r-devel-macos-arm64 | 4.1.4 | 90.00 | OK | |||
r-devel-macos-x86_64 | 4.1.4 | 180.00 | OK | |||
r-devel-windows-x86_64 | 4.1.4 | 8.00 | 258.00 | 266.00 | NOTE | |
r-patched-linux-x86_64 | 4.1.4 | 12.71 | 157.28 | 169.99 | OK | |
r-release-linux-x86_64 | 4.1.4 | 6.85 | 158.42 | 165.27 | OK | |
r-release-macos-arm64 | 4.1.4 | 82.00 | OK | |||
r-release-macos-x86_64 | 4.1.4 | 163.00 | OK | |||
r-release-windows-x86_64 | 4.1.4 | 8.00 | 256.00 | 264.00 | OK | |
r-oldrel-macos-arm64 | 4.1.4 | 87.00 | OK | |||
r-oldrel-macos-x86_64 | 4.1.4 | 270.00 | OK | |||
r-oldrel-windows-x86_64 | 4.1.4 | 10.00 | 279.00 | 289.00 | OK |
Version: 4.1.4
Check: Rd cross-references
Result: NOTE
Found the following Rd file(s) with Rd \link{} targets missing package
anchors:
RMixtComp-package.Rd: createAlgo, availableModels,
RMixtCompUtilities-package, getBIC, getICL, getCompletedData,
getParam, getProportion, getTik, getEmpiricTik, getPartition,
getType, getModel, getVarNames, computeDiscrimPowerClass,
computeDiscrimPowerVar, computeSimilarityClass,
computeSimilarityVar, plot.MixtComp, heatmapClass,
heatmapTikSorted, heatmapVar, histMisclassif, plotConvergence,
plotDataBoxplot, plotDataCI, plotDiscrimClass, plotDiscrimVar,
plotProportion, RMixtCompIO-package
mixtCompLearn.Rd: createAlgo, availableModels, heatmapVar
plot.MixtCompLearn.Rd: plotDataCI, plotDataBoxplot
Please provide package anchors for all Rd \link{} targets not in the
package itself and the base packages.
Flavors: r-devel-linux-x86_64-debian-clang, r-devel-linux-x86_64-debian-gcc, r-devel-windows-x86_64