Last updated on 2025-02-21 02:52:23 CET.
Flavor | Version | Tinstall | Tcheck | Ttotal | Status | Flags |
---|---|---|---|---|---|---|
r-devel-linux-x86_64-debian-clang | 2.8.4 | 362.93 | 46.25 | 409.18 | OK | |
r-devel-linux-x86_64-debian-gcc | 2.8.4 | 280.48 | 47.18 | 327.66 | OK | |
r-devel-linux-x86_64-fedora-clang | 2.8.4 | 962.77 | OK | |||
r-devel-linux-x86_64-fedora-gcc | 2.8.4 | 850.12 | OK | |||
r-devel-macos-arm64 | 2.8.4 | 144.00 | OK | |||
r-devel-macos-x86_64 | 2.8.4 | 182.00 | OK | |||
r-devel-windows-x86_64 | 2.8.4 | 369.00 | 114.00 | 483.00 | OK | |
r-patched-linux-x86_64 | 2.8.4 | 383.52 | 57.75 | 441.27 | OK | |
r-release-linux-x86_64 | 2.8.4 | 387.16 | 60.96 | 448.12 | OK | |
r-release-macos-arm64 | 2.8.4 | 158.00 | NOTE | |||
r-release-macos-x86_64 | 2.8.4 | 184.00 | NOTE | |||
r-release-windows-x86_64 | 2.8.4 | 379.00 | 100.00 | 479.00 | NOTE | |
r-oldrel-macos-arm64 | 2.8.4 | 141.00 | NOTE | |||
r-oldrel-macos-x86_64 | 2.8.4 | 182.00 | NOTE | |||
r-oldrel-windows-x86_64 | 2.8.4 | 491.00 | 135.00 | 626.00 | NOTE |
Version: 2.8.4
Check: installed package size
Result: NOTE
installed size is 119.5Mb
sub-directories of 1Mb or more:
extdata 2.0Mb
libs 117.3Mb
Flavors: r-release-macos-arm64, r-release-macos-x86_64, r-release-windows-x86_64, r-oldrel-macos-arm64, r-oldrel-macos-x86_64, r-oldrel-windows-x86_64