Last updated on 2025-02-21 02:52:23 CET.
Flavor | Version | Tinstall | Tcheck | Ttotal | Status | Flags |
---|---|---|---|---|---|---|
r-devel-linux-x86_64-debian-clang | 1.0.1 | 2.59 | 25.74 | 28.33 | NOTE | |
r-devel-linux-x86_64-debian-gcc | 1.0.1 | 1.87 | 19.41 | 21.28 | NOTE | |
r-devel-linux-x86_64-fedora-clang | 1.0.1 | 45.29 | OK | |||
r-devel-linux-x86_64-fedora-gcc | 1.0.1 | 41.06 | OK | |||
r-devel-macos-arm64 | 1.0.1 | 17.00 | OK | |||
r-devel-macos-x86_64 | 1.0.1 | 29.00 | OK | |||
r-devel-windows-x86_64 | 1.0.1 | 3.00 | 58.00 | 61.00 | NOTE | |
r-patched-linux-x86_64 | 1.0.1 | 3.73 | 23.23 | 26.96 | NOTE | |
r-release-linux-x86_64 | 1.0.1 | 2.31 | 22.99 | 25.30 | NOTE | |
r-release-macos-arm64 | 1.0.1 | 18.00 | NOTE | |||
r-release-macos-x86_64 | 1.0.1 | 25.00 | NOTE | |||
r-release-windows-x86_64 | 1.0.1 | 3.00 | 45.00 | 48.00 | NOTE | |
r-oldrel-macos-arm64 | 1.0.1 | 20.00 | NOTE | |||
r-oldrel-macos-x86_64 | 1.0.1 | 24.00 | NOTE | |||
r-oldrel-windows-x86_64 | 1.0.1 | 4.00 | 56.00 | 60.00 | NOTE |
Version: 1.0.1
Check: Rd cross-references
Result: NOTE
Found the following Rd file(s) with Rd \link{} targets missing package
anchors:
show_methods.Rd: data.table
Please provide package anchors for all Rd \link{} targets not in the
package itself and the base packages.
Flavors: r-devel-linux-x86_64-debian-clang, r-devel-linux-x86_64-debian-gcc, r-devel-windows-x86_64
Version: 1.0.1
Check: LazyData
Result: NOTE
'LazyData' is specified without a 'data' directory
Flavors: r-patched-linux-x86_64, r-release-linux-x86_64, r-release-macos-arm64, r-release-macos-x86_64, r-release-windows-x86_64, r-oldrel-macos-arm64, r-oldrel-macos-x86_64, r-oldrel-windows-x86_64