Last updated on 2024-05-21 14:57:23 CEST.
Flavor | Version | Tinstall | Tcheck | Ttotal | Status | Flags |
---|---|---|---|---|---|---|
r-devel-linux-x86_64-debian-clang | 1.25 | 4.11 | 39.15 | 43.26 | NOTE | |
r-devel-linux-x86_64-debian-gcc | 1.25 | 3.69 | 28.76 | 32.45 | NOTE | |
r-devel-linux-x86_64-fedora-clang | 1.25 | 53.76 | NOTE | |||
r-devel-linux-x86_64-fedora-gcc | 1.25 | 51.15 | NOTE | |||
r-devel-windows-x86_64 | 1.25 | 4.00 | 55.00 | 59.00 | NOTE | |
r-patched-linux-x86_64 | 1.25 | 5.86 | 37.44 | 43.30 | NOTE | |
r-release-linux-x86_64 | 1.25 | 4.08 | 37.17 | 41.25 | NOTE | |
r-release-macos-arm64 | 1.25 | 17.00 | NOTE | |||
r-release-windows-x86_64 | 1.25 | 4.00 | 57.00 | 61.00 | NOTE | |
r-oldrel-macos-arm64 | 1.25 | 20.00 | OK | |||
r-oldrel-macos-x86_64 | 1.25 | 26.00 | OK | |||
r-oldrel-windows-x86_64 | 1.25 | 4.00 | 59.00 | 63.00 | OK |
Version: 1.25
Check: Rd files
Result: NOTE
checkRd: (-1) plotImage.blcTree.Rd:17: Lost braces
17 | \item{method}{Method to determine width of columns that represent classes: \dQuote{weight} (subject weight in class) or dQuote{binary} (depth in tree).}
| ^
checkRd: (-1) plotImage.glcTree.Rd:16: Lost braces
16 | \item{method}{Method to determine width of columns that represent classes: \dQuote{weight} (subject weight in class) or dQuote{binary} (depth in tree).}
| ^
Flavors: r-devel-linux-x86_64-debian-clang, r-devel-linux-x86_64-debian-gcc, r-devel-linux-x86_64-fedora-clang, r-devel-linux-x86_64-fedora-gcc, r-devel-windows-x86_64, r-patched-linux-x86_64, r-release-linux-x86_64, r-release-macos-arm64, r-release-windows-x86_64