Last updated on 2024-05-21 14:57:23 CEST.
Flavor | Version | Tinstall | Tcheck | Ttotal | Status | Flags |
---|---|---|---|---|---|---|
r-devel-linux-x86_64-debian-clang | 3.0 | 3.79 | 40.52 | 44.31 | NOTE | |
r-devel-linux-x86_64-debian-gcc | 3.0 | 2.76 | 28.92 | 31.68 | NOTE | |
r-devel-linux-x86_64-fedora-clang | 3.0 | 53.84 | NOTE | |||
r-devel-linux-x86_64-fedora-gcc | 3.0 | 50.12 | NOTE | |||
r-devel-windows-x86_64 | 3.0 | 3.00 | 48.00 | 51.00 | NOTE | |
r-patched-linux-x86_64 | 3.0 | 4.08 | 37.59 | 41.67 | NOTE | |
r-release-linux-x86_64 | 3.0 | 3.63 | 38.88 | 42.51 | NOTE | |
r-release-macos-arm64 | 3.0 | 16.00 | NOTE | |||
r-release-windows-x86_64 | 3.0 | 5.00 | 47.00 | 52.00 | NOTE | |
r-oldrel-macos-arm64 | 3.0 | 19.00 | NOTE | |||
r-oldrel-macos-x86_64 | 3.0 | 26.00 | NOTE | |||
r-oldrel-windows-x86_64 | 3.0 | 6.00 | 52.00 | 58.00 | NOTE |
Version: 3.0
Check: LazyData
Result: NOTE
'LazyData' is specified without a 'data' directory
Flavors: r-devel-linux-x86_64-debian-clang, r-devel-linux-x86_64-debian-gcc, r-devel-linux-x86_64-fedora-clang, r-devel-linux-x86_64-fedora-gcc, r-devel-windows-x86_64, r-patched-linux-x86_64, r-release-linux-x86_64, r-release-macos-arm64, r-release-windows-x86_64, r-oldrel-macos-arm64, r-oldrel-macos-x86_64, r-oldrel-windows-x86_64