Last updated on 2025-02-21 02:52:24 CET.
Flavor | Version | Tinstall | Tcheck | Ttotal | Status | Flags |
---|---|---|---|---|---|---|
r-devel-linux-x86_64-debian-clang | 3.2.1 | 22.27 | 239.41 | 261.68 | OK | |
r-devel-linux-x86_64-debian-gcc | 3.2.1 | 13.65 | 160.55 | 174.20 | OK | |
r-devel-linux-x86_64-fedora-clang | 3.2.1 | 2227.22 | ERROR | |||
r-devel-linux-x86_64-fedora-gcc | 3.2.1 | 2378.96 | ERROR | |||
r-devel-macos-arm64 | 3.2.1 | 141.00 | OK | |||
r-devel-macos-x86_64 | 3.2.1 | 208.00 | OK | |||
r-devel-windows-x86_64 | 3.2.1 | 25.00 | 235.00 | 260.00 | OK | |
r-patched-linux-x86_64 | 3.2.1 | 21.11 | 221.01 | 242.12 | OK | |
r-release-linux-x86_64 | 3.2.1 | 21.97 | 224.60 | 246.57 | OK | |
r-release-macos-arm64 | 3.2.1 | 120.00 | NOTE | |||
r-release-macos-x86_64 | 3.2.1 | 164.00 | NOTE | |||
r-release-windows-x86_64 | 3.2.1 | 25.00 | 248.00 | 273.00 | NOTE | |
r-oldrel-macos-arm64 | 3.2.1 | 103.00 | NOTE | |||
r-oldrel-macos-x86_64 | 3.2.1 | 213.00 | NOTE | |||
r-oldrel-windows-x86_64 | 3.2.1 | 32.00 | 289.00 | 321.00 | NOTE |
Version: 3.2.1
Check: re-building of vignette outputs
Result: ERROR
Error(s) in re-building vignettes:
--- re-building ‘introduction.Rmd’ using rmarkdown
** Processing: /data/gannet/ripley/R/packages/tests-clang/RSDA.Rcheck/vign_test/RSDA/vignettes/introduction_files/figure-html/unnamed-chunk-28-1.png
576x480 pixels, 3x8 bits/pixel, RGB
Input IDAT size = 36617 bytes
Input file size = 36743 bytes
Trying:
zc = 9 zm = 8 zs = 0 f = 0 IDAT size = 26166
zc = 9 zm = 8 zs = 1 f = 0
zc = 1 zm = 8 zs = 2 f = 0
zc = 9 zm = 8 zs = 3 f = 0
zc = 9 zm = 8 zs = 0 f = 5
zc = 9 zm = 8 zs = 1 f = 5
zc = 1 zm = 8 zs = 2 f = 5
zc = 9 zm = 8 zs = 3 f = 5
Selecting parameters:
zc = 9 zm = 8 zs = 0 f = 0 IDAT size = 26166
Output IDAT size = 26166 bytes (10451 bytes decrease)
Output file size = 26244 bytes (10499 bytes = 28.57% decrease)
** Processing: /data/gannet/ripley/R/packages/tests-clang/RSDA.Rcheck/vign_test/RSDA/vignettes/introduction_files/figure-html/unnamed-chunk-28-2.png
576x480 pixels, 3x8 bits/pixel, RGB
Input IDAT size = 38887 bytes
Input file size = 39013 bytes
Trying:
zc = 9 zm = 8 zs = 0 f = 0 IDAT size = 27823
zc = 9 zm = 8 zs = 1 f = 0
zc = 1 zm = 8 zs = 2 f = 0
zc = 9 zm = 8 zs = 3 f = 0
zc = 9 zm = 8 zs = 0 f = 5
zc = 9 zm = 8 zs = 1 f = 5
zc = 1 zm = 8 zs = 2 f = 5
zc = 9 zm = 8 zs = 3 f = 5
Selecting parameters:
zc = 9 zm = 8 zs = 0 f = 0 IDAT size = 27823
Output IDAT size = 27823 bytes (11064 bytes decrease)
Output file size = 27901 bytes (11112 bytes = 28.48% decrease)
** Processing: /data/gannet/ripley/R/packages/tests-clang/RSDA.Rcheck/vign_test/RSDA/vignettes/introduction_files/figure-html/unnamed-chunk-28-3.png
576x480 pixels, 3x8 bits/pixel, RGB
Input IDAT size = 8914 bytes
Input file size = 9004 bytes
Trying:
zc = 9 zm = 8 zs = 0 f = 0 IDAT size = 8136
zc = 9 zm = 8 zs = 1 f = 0
zc = 1 zm = 8 zs = 2 f = 0
zc = 9 zm = 8 zs = 3 f = 0
zc = 9 zm = 8 zs = 0 f = 5 IDAT size = 7598
zc = 9 zm = 8 zs = 1 f = 5
zc = 1 zm = 8 zs = 2 f = 5
zc = 9 zm = 8 zs = 3 f = 5
Selecting parameters:
zc = 9 zm = 8 zs = 0 f = 5 IDAT size = 7598
Output IDAT size = 7598 bytes (1316 bytes decrease)
Output file size = 7676 bytes (1328 bytes = 14.75% decrease)
** Processing: /data/gannet/ripley/R/packages/tests-clang/RSDA.Rcheck/vign_test/RSDA/vignettes/introduction_files/figure-html/unnamed-chunk-28-4.png
576x480 pixels, 3x8 bits/pixel, RGB
Input IDAT size = 11328 bytes
Input file size = 11418 bytes
Trying:
zc = 9 zm = 8 zs = 0 f = 0 IDAT size = 9791
zc = 9 zm = 8 zs = 1 f = 0
zc = 1 zm = 8 zs = 2 f = 0
zc = 9 zm = 8 zs = 3 f = 0
zc = 9 zm = 8 zs = 0 f = 5 IDAT size = 9777
zc = 9 zm = 8 zs = 1 f = 5
zc = 1 zm = 8 zs = 2 f = 5
zc = 9 zm = 8 zs = 3 f = 5
Selecting parameters:
zc = 9 zm = 8 zs = 0 f = 5 IDAT size = 9777
Output IDAT size = 9777 bytes (1551 bytes decrease)
Output file size = 9855 bytes (1563 bytes = 13.69% decrease)
** Processing: /data/gannet/ripley/R/packages/tests-clang/RSDA.Rcheck/vign_test/RSDA/vignettes/introduction_files/figure-html/unnamed-chunk-29-1.png
576x480 pixels, 8 bits/pixel, 256 colors in palette
Reducing image to 8 bits/pixel, grayscale
Input IDAT size = 7076 bytes
Input file size = 7934 bytes
Trying:
zc = 9 zm = 8 zs = 0 f = 0 IDAT size = 6165
zc = 9 zm = 8 zs = 1 f = 0 IDAT size = 6165
zc = 1 zm = 8 zs = 2 f = 0
zc = 9 zm = 8 zs = 3 f = 0
zc = 9 zm = 8 zs = 0 f = 5
zc = 9 zm = 8 zs = 1 f = 5
zc = 1 zm = 8 zs = 2 f = 5
zc = 9 zm = 8 zs = 3 f = 5
Selecting parameters:
zc = 9 zm = 8 zs = 1 f = 0 IDAT size = 6165
Output IDAT size = 6165 bytes (911 bytes decrease)
Output file size = 6243 bytes (1691 bytes = 21.31% decrease)
** Processing: /data/gannet/ripley/R/packages/tests-clang/RSDA.Rcheck/vign_test/RSDA/vignettes/introduction_files/figure-html/unnamed-chunk-30-1.png
576x480 pixels, 8 bits/pixel, 256 colors in palette
Reducing image to 8 bits/pixel, grayscale
Input IDAT size = 7750 bytes
Input file size = 8608 bytes
Trying:
zc = 9 zm = 8 zs = 0 f = 0 IDAT size = 6714
zc = 9 zm = 8 zs = 1 f = 0 IDAT size = 6699
zc = 1 zm = 8 zs = 2 f = 0
zc = 9 zm = 8 zs = 3 f = 0
zc = 9 zm = 8 zs = 0 f = 5
zc = 9 zm = 8 zs = 1 f = 5
zc = 1 zm = 8 zs = 2 f = 5
zc = 9 zm = 8 zs = 3 f = 5
Selecting parameters:
zc = 9 zm = 8 zs = 1 f = 0 IDAT size = 6699
Output IDAT size = 6699 bytes (1051 bytes decrease)
Output file size = 6777 bytes (1831 bytes = 21.27% decrease)
** Processing: /data/gannet/ripley/R/packages/tests-clang/RSDA.Rcheck/vign_test/RSDA/vignettes/introduction_files/figure-html/unnamed-chunk-31-1.png
576x480 pixels, 8 bits/pixel, 256 colors in palette
Reducing image to 8 bits/pixel, grayscale
Input IDAT size = 7391 bytes
Input file size = 8249 bytes
Trying:
zc = 9 zm = 8 zs = 0 f = 0 IDAT size = 6110
zc = 9 zm = 8 zs = 1 f = 0
zc = 1 zm = 8 zs = 2 f = 0
zc = 9 zm = 8 zs = 3 f = 0
zc = 9 zm = 8 zs = 0 f = 5
zc = 9 zm = 8 zs = 1 f = 5
zc = 1 zm = 8 zs = 2 f = 5
zc = 9 zm = 8 zs = 3 f = 5
Selecting parameters:
zc = 9 zm = 8 zs = 0 f = 0 IDAT size = 6110
Output IDAT size = 6110 bytes (1281 bytes decrease)
Output file size = 6188 bytes (2061 bytes = 24.98% decrease)
** Processing: /data/gannet/ripley/R/packages/tests-clang/RSDA.Rcheck/vign_test/RSDA/vignettes/introduction_files/figure-html/unnamed-chunk-38-1.png
576x480 pixels, 3x8 bits/pixel, RGB
Input IDAT size = 29447 bytes
Input file size = 29561 bytes
Trying:
zc = 9 zm = 8 zs = 0 f = 0 IDAT size = 21527
zc = 9 zm = 8 zs = 1 f = 0
zc = 1 zm = 8 zs = 2 f = 0
zc = 9 zm = 8 zs = 3 f = 0
zc = 9 zm = 8 zs = 0 f = 5
zc = 9 zm = 8 zs = 1 f = 5
zc = 1 zm = 8 zs = 2 f = 5
zc = 9 zm = 8 zs = 3 f = 5
Selecting parameters:
zc = 9 zm = 8 zs = 0 f = 0 IDAT size = 21527
Output IDAT size = 21527 bytes (7920 bytes decrease)
Output file size = 21605 bytes (7956 bytes = 26.91% decrease)
** Processing: /data/gannet/ripley/R/packages/tests-clang/RSDA.Rcheck/vign_test/RSDA/vignettes/introduction_files/figure-html/unnamed-chunk-38-2.png
576x480 pixels, 3x8 bits/pixel, RGB
Input IDAT size = 31562 bytes
Input file size = 31676 bytes
Trying:
zc = 9 zm = 8 zs = 0 f = 0 IDAT size = 24683
zc = 9 zm = 8 zs = 1 f = 0
zc = 1 zm = 8 zs = 2 f = 0
zc = 9 zm = 8 zs = 3 f = 0
zc = 9 zm = 8 zs = 0 f = 5
zc = 9 zm = 8 zs = 1 f = 5
zc = 1 zm = 8 zs = 2 f = 5
zc = 9 zm = 8 zs = 3 f = 5
Selecting parameters:
zc = 9 zm = 8 zs = 0 f = 0 IDAT size = 24683
Output IDAT size = 24683 bytes (6879 bytes decrease)
Output file size = 24761 bytes (6915 bytes = 21.83% decrease)
** Processing: /data/gannet/ripley/R/packages/tests-clang/RSDA.Rcheck/vign_test/RSDA/vignettes/introduction_files/figure-html/unnamed-chunk-42-1.png
576x480 pixels, 3x8 bits/pixel, RGB
Input IDAT size = 30932 bytes
Input file size = 31046 bytes
Trying:
zc = 9 zm = 8 zs = 0 f = 0 IDAT size = 22608
zc = 9 zm = 8 zs = 1 f = 0
zc = 1 zm = 8 zs = 2 f = 0
zc = 9 zm = 8 zs = 3 f = 0
zc = 9 zm = 8 zs = 0 f = 5
zc = 9 zm = 8 zs = 1 f = 5
zc = 1 zm = 8 zs = 2 f = 5
zc = 9 zm = 8 zs = 3 f = 5
Selecting parameters:
zc = 9 zm = 8 zs = 0 f = 0 IDAT size = 22608
Output IDAT size = 22608 bytes (8324 bytes decrease)
Output file size = 22686 bytes (8360 bytes = 26.93% decrease)
** Processing: /data/gannet/ripley/R/packages/tests-clang/RSDA.Rcheck/vign_test/RSDA/vignettes/introduction_files/figure-html/unnamed-chunk-42-2.png
576x480 pixels, 3x8 bits/pixel, RGB
Input IDAT size = 32103 bytes
Input file size = 32217 bytes
Trying:
zc = 9 zm = 8 zs = 0 f = 0 IDAT size = 25854
zc = 9 zm = 8 zs = 1 f = 0
zc = 1 zm = 8 zs = 2 f = 0
zc = 9 zm = 8 zs = 3 f = 0
zc = 9 zm = 8 zs = 0 f = 5
zc = 9 zm = 8 zs = 1 f = 5
zc = 1 zm = 8 zs = 2 f = 5
zc = 9 zm = 8 zs = 3 f = 5
Selecting parameters:
zc = 9 zm = 8 zs = 0 f = 0 IDAT size = 25854
Output IDAT size = 25854 bytes (6249 bytes decrease)
Output file size = 25932 bytes (6285 bytes = 19.51% decrease)
** Processing: /data/gannet/ripley/R/packages/tests-clang/RSDA.Rcheck/vign_test/RSDA/vignettes/introduction_files/figure-html/unnamed-chunk-43-1.png
576x480 pixels, 3x8 bits/pixel, RGB
Input IDAT size = 10479 bytes
Input file size = 10569 bytes
Trying:
zc = 9 zm = 8 zs = 0 f = 0 IDAT size = 8693
zc = 9 zm = 8 zs = 1 f = 0
zc = 1 zm = 8 zs = 2 f = 0
zc = 9 zm = 8 zs = 3 f = 0
zc = 9 zm = 8 zs = 0 f = 5
zc = 9 zm = 8 zs = 1 f = 5
zc = 1 zm = 8 zs = 2 f = 5
zc = 9 zm = 8 zs = 3 f = 5
Selecting parameters:
zc = 9 zm = 8 zs = 0 f = 0 IDAT size = 8693
Output IDAT size = 8693 bytes (1786 bytes decrease)
Output file size = 8771 bytes (1798 bytes = 17.01% decrease)
** Processing: /data/gannet/ripley/R/packages/tests-clang/RSDA.Rcheck/vign_test/RSDA/vignettes/introduction_files/figure-html/unnamed-chunk-43-2.png
576x480 pixels, 3x8 bits/pixel, RGB
Input IDAT size = 27297 bytes
Input file size = 27411 bytes
Trying:
zc = 9 zm = 8 zs = 0 f = 0 IDAT size = 21070
zc = 9 zm = 8 zs = 1 f = 0
zc = 1 zm = 8 zs = 2 f = 0
zc = 9 zm = 8 zs = 3 f = 0
zc = 9 zm = 8 zs = 0 f = 5
zc = 9 zm = 8 zs = 1 f = 5
zc = 1 zm = 8 zs = 2 f = 5
zc = 9 zm = 8 zs = 3 f = 5
Selecting parameters:
zc = 9 zm = 8 zs = 0 f = 0 IDAT size = 21070
Output IDAT size = 21070 bytes (6227 bytes decrease)
Output file size = 21148 bytes (6263 bytes = 22.85% decrease)
** Processing: /data/gannet/ripley/R/packages/tests-clang/RSDA.Rcheck/vign_test/RSDA/vignettes/introduction_files/figure-html/unnamed-chunk-44-1.png
576x480 pixels, 3x8 bits/pixel, RGB
Input IDAT size = 11371 bytes
Input file size = 11461 bytes
Trying:
zc = 9 zm = 8 zs = 0 f = 0 IDAT size = 9409
zc = 9 zm = 8 zs = 1 f = 0
zc = 1 zm = 8 zs = 2 f = 0
zc = 9 zm = 8 zs = 3 f = 0
zc = 9 zm = 8 zs = 0 f = 5
zc = 9 zm = 8 zs = 1 f = 5
zc = 1 zm = 8 zs = 2 f = 5
zc = 9 zm = 8 zs = 3 f = 5
Selecting parameters:
zc = 9 zm = 8 zs = 0 f = 0 IDAT size = 9409
Output IDAT size = 9409 bytes (1962 bytes decrease)
Output file size = 9487 bytes (1974 bytes = 17.22% decrease)
** Processing: /data/gannet/ripley/R/packages/tests-clang/RSDA.Rcheck/vign_test/RSDA/vignettes/introduction_files/figure-html/unnamed-chunk-45-1.png
576x480 pixels, 3x8 bits/pixel, RGB
Input IDAT size = 15692 bytes
Input file size = 15782 bytes
Trying:
zc = 9 zm = 8 zs = 0 f = 0 IDAT size = 12662
zc = 9 zm = 8 zs = 1 f = 0
zc = 1 zm = 8 zs = 2 f = 0
zc = 9 zm = 8 zs = 3 f = 0
zc = 9 zm = 8 zs = 0 f = 5
zc = 9 zm = 8 zs = 1 f = 5
zc = 1 zm = 8 zs = 2 f = 5
zc = 9 zm = 8 zs = 3 f = 5
Selecting parameters:
zc = 9 zm = 8 zs = 0 f = 0 IDAT size = 12662
Output IDAT size = 12662 bytes (3030 bytes decrease)
Output file size = 12740 bytes (3042 bytes = 19.28% decrease)
Flavor: r-devel-linux-x86_64-fedora-clang
Version: 3.2.1
Check: re-building of vignette outputs
Result: ERROR
Error(s) in re-building vignettes:
--- re-building ‘introduction.Rmd’ using rmarkdown
** Processing: /data/gannet/ripley/R/packages/tests-devel/RSDA.Rcheck/vign_test/RSDA/vignettes/introduction_files/figure-html/unnamed-chunk-28-1.png
576x480 pixels, 3x8 bits/pixel, RGB
Input IDAT size = 36617 bytes
Input file size = 36743 bytes
Trying:
zc = 9 zm = 8 zs = 0 f = 0 IDAT size = 26166
zc = 9 zm = 8 zs = 1 f = 0
zc = 1 zm = 8 zs = 2 f = 0
zc = 9 zm = 8 zs = 3 f = 0
zc = 9 zm = 8 zs = 0 f = 5
zc = 9 zm = 8 zs = 1 f = 5
zc = 1 zm = 8 zs = 2 f = 5
zc = 9 zm = 8 zs = 3 f = 5
Selecting parameters:
zc = 9 zm = 8 zs = 0 f = 0 IDAT size = 26166
Output IDAT size = 26166 bytes (10451 bytes decrease)
Output file size = 26244 bytes (10499 bytes = 28.57% decrease)
** Processing: /data/gannet/ripley/R/packages/tests-devel/RSDA.Rcheck/vign_test/RSDA/vignettes/introduction_files/figure-html/unnamed-chunk-28-2.png
576x480 pixels, 3x8 bits/pixel, RGB
Input IDAT size = 38887 bytes
Input file size = 39013 bytes
Trying:
zc = 9 zm = 8 zs = 0 f = 0 IDAT size = 27823
zc = 9 zm = 8 zs = 1 f = 0
zc = 1 zm = 8 zs = 2 f = 0
zc = 9 zm = 8 zs = 3 f = 0
zc = 9 zm = 8 zs = 0 f = 5
zc = 9 zm = 8 zs = 1 f = 5
zc = 1 zm = 8 zs = 2 f = 5
zc = 9 zm = 8 zs = 3 f = 5
Selecting parameters:
zc = 9 zm = 8 zs = 0 f = 0 IDAT size = 27823
Output IDAT size = 27823 bytes (11064 bytes decrease)
Output file size = 27901 bytes (11112 bytes = 28.48% decrease)
** Processing: /data/gannet/ripley/R/packages/tests-devel/RSDA.Rcheck/vign_test/RSDA/vignettes/introduction_files/figure-html/unnamed-chunk-28-3.png
576x480 pixels, 3x8 bits/pixel, RGB
Input IDAT size = 8914 bytes
Input file size = 9004 bytes
Trying:
zc = 9 zm = 8 zs = 0 f = 0 IDAT size = 8136
zc = 9 zm = 8 zs = 1 f = 0
zc = 1 zm = 8 zs = 2 f = 0
zc = 9 zm = 8 zs = 3 f = 0
zc = 9 zm = 8 zs = 0 f = 5 IDAT size = 7598
zc = 9 zm = 8 zs = 1 f = 5
zc = 1 zm = 8 zs = 2 f = 5
zc = 9 zm = 8 zs = 3 f = 5
Selecting parameters:
zc = 9 zm = 8 zs = 0 f = 5 IDAT size = 7598
Output IDAT size = 7598 bytes (1316 bytes decrease)
Output file size = 7676 bytes (1328 bytes = 14.75% decrease)
** Processing: /data/gannet/ripley/R/packages/tests-devel/RSDA.Rcheck/vign_test/RSDA/vignettes/introduction_files/figure-html/unnamed-chunk-28-4.png
576x480 pixels, 3x8 bits/pixel, RGB
Input IDAT size = 11328 bytes
Input file size = 11418 bytes
Trying:
zc = 9 zm = 8 zs = 0 f = 0 IDAT size = 9791
zc = 9 zm = 8 zs = 1 f = 0
zc = 1 zm = 8 zs = 2 f = 0
zc = 9 zm = 8 zs = 3 f = 0
zc = 9 zm = 8 zs = 0 f = 5 IDAT size = 9777
zc = 9 zm = 8 zs = 1 f = 5
zc = 1 zm = 8 zs = 2 f = 5
zc = 9 zm = 8 zs = 3 f = 5
Selecting parameters:
zc = 9 zm = 8 zs = 0 f = 5 IDAT size = 9777
Output IDAT size = 9777 bytes (1551 bytes decrease)
Output file size = 9855 bytes (1563 bytes = 13.69% decrease)
** Processing: /data/gannet/ripley/R/packages/tests-devel/RSDA.Rcheck/vign_test/RSDA/vignettes/introduction_files/figure-html/unnamed-chunk-29-1.png
576x480 pixels, 8 bits/pixel, 256 colors in palette
Reducing image to 8 bits/pixel, grayscale
Input IDAT size = 7076 bytes
Input file size = 7934 bytes
Trying:
zc = 9 zm = 8 zs = 0 f = 0 IDAT size = 6165
zc = 9 zm = 8 zs = 1 f = 0 IDAT size = 6165
zc = 1 zm = 8 zs = 2 f = 0
zc = 9 zm = 8 zs = 3 f = 0
zc = 9 zm = 8 zs = 0 f = 5
zc = 9 zm = 8 zs = 1 f = 5
zc = 1 zm = 8 zs = 2 f = 5
zc = 9 zm = 8 zs = 3 f = 5
Selecting parameters:
zc = 9 zm = 8 zs = 1 f = 0 IDAT size = 6165
Output IDAT size = 6165 bytes (911 bytes decrease)
Output file size = 6243 bytes (1691 bytes = 21.31% decrease)
** Processing: /data/gannet/ripley/R/packages/tests-devel/RSDA.Rcheck/vign_test/RSDA/vignettes/introduction_files/figure-html/unnamed-chunk-30-1.png
576x480 pixels, 8 bits/pixel, 256 colors in palette
Reducing image to 8 bits/pixel, grayscale
Input IDAT size = 7750 bytes
Input file size = 8608 bytes
Trying:
zc = 9 zm = 8 zs = 0 f = 0 IDAT size = 6714
zc = 9 zm = 8 zs = 1 f = 0 IDAT size = 6699
zc = 1 zm = 8 zs = 2 f = 0
zc = 9 zm = 8 zs = 3 f = 0
zc = 9 zm = 8 zs = 0 f = 5
zc = 9 zm = 8 zs = 1 f = 5
zc = 1 zm = 8 zs = 2 f = 5
zc = 9 zm = 8 zs = 3 f = 5
Selecting parameters:
zc = 9 zm = 8 zs = 1 f = 0 IDAT size = 6699
Output IDAT size = 6699 bytes (1051 bytes decrease)
Output file size = 6777 bytes (1831 bytes = 21.27% decrease)
** Processing: /data/gannet/ripley/R/packages/tests-devel/RSDA.Rcheck/vign_test/RSDA/vignettes/introduction_files/figure-html/unnamed-chunk-31-1.png
576x480 pixels, 8 bits/pixel, 256 colors in palette
Reducing image to 8 bits/pixel, grayscale
Input IDAT size = 7391 bytes
Input file size = 8249 bytes
Trying:
zc = 9 zm = 8 zs = 0 f = 0 IDAT size = 6110
zc = 9 zm = 8 zs = 1 f = 0
zc = 1 zm = 8 zs = 2 f = 0
zc = 9 zm = 8 zs = 3 f = 0
zc = 9 zm = 8 zs = 0 f = 5
zc = 9 zm = 8 zs = 1 f = 5
zc = 1 zm = 8 zs = 2 f = 5
zc = 9 zm = 8 zs = 3 f = 5
Selecting parameters:
zc = 9 zm = 8 zs = 0 f = 0 IDAT size = 6110
Output IDAT size = 6110 bytes (1281 bytes decrease)
Output file size = 6188 bytes (2061 bytes = 24.98% decrease)
** Processing: /data/gannet/ripley/R/packages/tests-devel/RSDA.Rcheck/vign_test/RSDA/vignettes/introduction_files/figure-html/unnamed-chunk-38-1.png
576x480 pixels, 3x8 bits/pixel, RGB
Input IDAT size = 29950 bytes
Input file size = 30064 bytes
Trying:
zc = 9 zm = 8 zs = 0 f = 0 IDAT size = 21578
zc = 9 zm = 8 zs = 1 f = 0
zc = 1 zm = 8 zs = 2 f = 0
zc = 9 zm = 8 zs = 3 f = 0
zc = 9 zm = 8 zs = 0 f = 5
zc = 9 zm = 8 zs = 1 f = 5
zc = 1 zm = 8 zs = 2 f = 5
zc = 9 zm = 8 zs = 3 f = 5
Selecting parameters:
zc = 9 zm = 8 zs = 0 f = 0 IDAT size = 21578
Output IDAT size = 21578 bytes (8372 bytes decrease)
Output file size = 21656 bytes (8408 bytes = 27.97% decrease)
** Processing: /data/gannet/ripley/R/packages/tests-devel/RSDA.Rcheck/vign_test/RSDA/vignettes/introduction_files/figure-html/unnamed-chunk-38-2.png
576x480 pixels, 3x8 bits/pixel, RGB
Input IDAT size = 31562 bytes
Input file size = 31676 bytes
Trying:
zc = 9 zm = 8 zs = 0 f = 0 IDAT size = 24683
zc = 9 zm = 8 zs = 1 f = 0
zc = 1 zm = 8 zs = 2 f = 0
zc = 9 zm = 8 zs = 3 f = 0
zc = 9 zm = 8 zs = 0 f = 5
zc = 9 zm = 8 zs = 1 f = 5
zc = 1 zm = 8 zs = 2 f = 5
zc = 9 zm = 8 zs = 3 f = 5
Selecting parameters:
zc = 9 zm = 8 zs = 0 f = 0 IDAT size = 24683
Output IDAT size = 24683 bytes (6879 bytes decrease)
Output file size = 24761 bytes (6915 bytes = 21.83% decrease)
** Processing: /data/gannet/ripley/R/packages/tests-devel/RSDA.Rcheck/vign_test/RSDA/vignettes/introduction_files/figure-html/unnamed-chunk-42-1.png
576x480 pixels, 3x8 bits/pixel, RGB
Input IDAT size = 30733 bytes
Input file size = 30847 bytes
Trying:
zc = 9 zm = 8 zs = 0 f = 0 IDAT size = 22314
zc = 9 zm = 8 zs = 1 f = 0
zc = 1 zm = 8 zs = 2 f = 0
zc = 9 zm = 8 zs = 3 f = 0
zc = 9 zm = 8 zs = 0 f = 5
zc = 9 zm = 8 zs = 1 f = 5
zc = 1 zm = 8 zs = 2 f = 5
zc = 9 zm = 8 zs = 3 f = 5
Selecting parameters:
zc = 9 zm = 8 zs = 0 f = 0 IDAT size = 22314
Output IDAT size = 22314 bytes (8419 bytes decrease)
Output file size = 22392 bytes (8455 bytes = 27.41% decrease)
** Processing: /data/gannet/ripley/R/packages/tests-devel/RSDA.Rcheck/vign_test/RSDA/vignettes/introduction_files/figure-html/unnamed-chunk-42-2.png
576x480 pixels, 3x8 bits/pixel, RGB
Input IDAT size = 32103 bytes
Input file size = 32217 bytes
Trying:
zc = 9 zm = 8 zs = 0 f = 0 IDAT size = 25854
zc = 9 zm = 8 zs = 1 f = 0
zc = 1 zm = 8 zs = 2 f = 0
zc = 9 zm = 8 zs = 3 f = 0
zc = 9 zm = 8 zs = 0 f = 5
zc = 9 zm = 8 zs = 1 f = 5
zc = 1 zm = 8 zs = 2 f = 5
zc = 9 zm = 8 zs = 3 f = 5
Selecting parameters:
zc = 9 zm = 8 zs = 0 f = 0 IDAT size = 25854
Output IDAT size = 25854 bytes (6249 bytes decrease)
Output file size = 25932 bytes (6285 bytes = 19.51% decrease)
** Processing: /data/gannet/ripley/R/packages/tests-devel/RSDA.Rcheck/vign_test/RSDA/vignettes/introduction_files/figure-html/unnamed-chunk-43-1.png
576x480 pixels, 3x8 bits/pixel, RGB
Input IDAT size = 10407 bytes
Input file size = 10497 bytes
Trying:
zc = 9 zm = 8 zs = 0 f = 0 IDAT size = 8610
zc = 9 zm = 8 zs = 1 f = 0
zc = 1 zm = 8 zs = 2 f = 0
zc = 9 zm = 8 zs = 3 f = 0
zc = 9 zm = 8 zs = 0 f = 5
zc = 9 zm = 8 zs = 1 f = 5
zc = 1 zm = 8 zs = 2 f = 5
zc = 9 zm = 8 zs = 3 f = 5
Selecting parameters:
zc = 9 zm = 8 zs = 0 f = 0 IDAT size = 8610
Output IDAT size = 8610 bytes (1797 bytes decrease)
Output file size = 8688 bytes (1809 bytes = 17.23% decrease)
** Processing: /data/gannet/ripley/R/packages/tests-devel/RSDA.Rcheck/vign_test/RSDA/vignettes/introduction_files/figure-html/unnamed-chunk-43-2.png
576x480 pixels, 3x8 bits/pixel, RGB
Input IDAT size = 27297 bytes
Input file size = 27411 bytes
Trying:
zc = 9 zm = 8 zs = 0 f = 0 IDAT size = 21070
zc = 9 zm = 8 zs = 1 f = 0
zc = 1 zm = 8 zs = 2 f = 0
zc = 9 zm = 8 zs = 3 f = 0
zc = 9 zm = 8 zs = 0 f = 5
zc = 9 zm = 8 zs = 1 f = 5
zc = 1 zm = 8 zs = 2 f = 5
zc = 9 zm = 8 zs = 3 f = 5
Selecting parameters:
zc = 9 zm = 8 zs = 0 f = 0 IDAT size = 21070
Output IDAT size = 21070 bytes (6227 bytes decrease)
Output file size = 21148 bytes (6263 bytes = 22.85% decrease)
** Processing: /data/gannet/ripley/R/packages/tests-devel/RSDA.Rcheck/vign_test/RSDA/vignettes/introduction_files/figure-html/unnamed-chunk-44-1.png
576x480 pixels, 3x8 bits/pixel, RGB
Input IDAT size = 11401 bytes
Input file size = 11491 bytes
Trying:
zc = 9 zm = 8 zs = 0 f = 0 IDAT size = 9447
zc = 9 zm = 8 zs = 1 f = 0
zc = 1 zm = 8 zs = 2 f = 0
zc = 9 zm = 8 zs = 3 f = 0
zc = 9 zm = 8 zs = 0 f = 5
zc = 9 zm = 8 zs = 1 f = 5
zc = 1 zm = 8 zs = 2 f = 5
zc = 9 zm = 8 zs = 3 f = 5
Selecting parameters:
zc = 9 zm = 8 zs = 0 f = 0 IDAT size = 9447
Output IDAT size = 9447 bytes (1954 bytes decrease)
Output file size = 9525 bytes (1966 bytes = 17.11% decrease)
** Processing: /data/gannet/ripley/R/packages/tests-devel/RSDA.Rcheck/vign_test/RSDA/vignettes/introduction_files/figure-html/unnamed-chunk-45-1.png
576x480 pixels, 3x8 bits/pixel, RGB
Input IDAT size = 15845 bytes
Input file size = 15935 bytes
Trying:
zc = 9 zm = 8 zs = 0 f = 0 IDAT size = 12720
zc = 9 zm = 8 zs = 1 f = 0
zc = 1 zm = 8 zs = 2 f = 0
zc = 9 zm = 8 zs = 3 f = 0
zc = 9 zm = 8 zs = 0 f = 5
zc = 9 zm = 8 zs = 1 f = 5
zc = 1 zm = 8 zs = 2 f = 5
zc = 9 zm = 8 zs = 3 f = 5
Selecting parameters:
zc = 9 zm = 8 zs = 0 f = 0 IDAT size = 12720
Output IDAT size = 12720 bytes (3125 bytes decrease)
Output file size = 12798 bytes (3137 bytes = 19.69% decrease)
Flavor: r-devel-linux-x86_64-fedora-gcc
Version: 3.2.1
Check: installed package size
Result: NOTE
installed size is 5.3Mb
sub-directories of 1Mb or more:
doc 4.2Mb
Flavors: r-release-macos-arm64, r-release-macos-x86_64, r-release-windows-x86_64, r-oldrel-macos-arm64, r-oldrel-macos-x86_64, r-oldrel-windows-x86_64