CRAN Package Check Results for Package RTLknitr

Last updated on 2025-02-18 02:50:48 CET.

Flavor Version Tinstall Tcheck Ttotal Status Flags
r-devel-linux-x86_64-debian-clang 1.0.0 4.73 34.76 39.49 NOTE
r-devel-linux-x86_64-debian-gcc 1.0.0 3.18 26.33 29.51 NOTE
r-devel-linux-x86_64-fedora-clang 1.0.0 64.69 OK
r-devel-linux-x86_64-fedora-gcc 1.0.0 61.50 OK
r-devel-macos-arm64 1.0.0 24.00 OK
r-devel-macos-x86_64 1.0.0 43.00 OK
r-devel-windows-x86_64 1.0.0 8.00 53.00 61.00 NOTE
r-patched-linux-x86_64 1.0.0 9.28 32.69 41.97 OK
r-release-linux-x86_64 1.0.0 4.15 32.30 36.45 OK
r-release-macos-arm64 1.0.0 23.00 OK
r-release-macos-x86_64 1.0.0 37.00 OK
r-release-windows-x86_64 1.0.0 6.00 59.00 65.00 OK
r-oldrel-macos-arm64 1.0.0 24.00 OK
r-oldrel-macos-x86_64 1.0.0 43.00 OK
r-oldrel-windows-x86_64 1.0.0 8.00 66.00 74.00 OK

Check Details

Version: 1.0.0
Check: Rd cross-references
Result: NOTE Found the following Rd file(s) with Rd \link{} targets missing package anchors: markdown_rtl.Rd: knitr Please provide package anchors for all Rd \link{} targets not in the package itself and the base packages. Flavors: r-devel-linux-x86_64-debian-clang, r-devel-linux-x86_64-debian-gcc, r-devel-windows-x86_64