Last updated on 2025-02-21 02:52:24 CET.
Flavor | Version | Tinstall | Tcheck | Ttotal | Status | Flags |
---|---|---|---|---|---|---|
r-devel-linux-x86_64-debian-clang | 0.0.5 | 43.37 | 400.72 | 444.09 | OK | |
r-devel-linux-x86_64-debian-gcc | 0.0.5 | 29.07 | 279.88 | 308.95 | OK | |
r-devel-linux-x86_64-fedora-clang | 0.0.5 | 759.53 | NOTE | |||
r-devel-linux-x86_64-fedora-gcc | 0.0.5 | 740.43 | NOTE | |||
r-devel-macos-arm64 | 0.0.5 | 5.00 | ERROR | |||
r-devel-macos-x86_64 | 0.0.5 | 6.00 | ERROR | |||
r-devel-windows-x86_64 | 0.0.5 | 45.00 | 351.00 | 396.00 | OK | |
r-patched-linux-x86_64 | 0.0.5 | 38.43 | 375.97 | 414.40 | OK | |
r-release-linux-x86_64 | 0.0.5 | 36.94 | 368.33 | 405.27 | OK | |
r-release-macos-arm64 | 0.0.5 | 130.00 | OK | |||
r-release-macos-x86_64 | 0.0.5 | 274.00 | OK | |||
r-release-windows-x86_64 | 0.0.5 | 46.00 | 348.00 | 394.00 | OK | |
r-oldrel-macos-arm64 | 0.0.5 | 10.00 | ERROR | |||
r-oldrel-macos-x86_64 | 0.0.5 | 12.00 | ERROR | |||
r-oldrel-windows-x86_64 | 0.0.5 | 61.00 | 451.00 | 512.00 | OK |
Version: 0.0.5
Check: dependencies in R code
Result: NOTE
Namespace in Imports field not imported from: ‘XML’
All declared Imports should be used.
Flavors: r-devel-linux-x86_64-fedora-clang, r-devel-linux-x86_64-fedora-gcc
Version: 0.0.5
Check: package dependencies
Result: ERROR
Packages required but not available: 'GSVAdata', 'org.Hs.eg.db'
See section ‘The DESCRIPTION file’ in the ‘Writing R Extensions’
manual.
Flavor: r-devel-macos-arm64
Version: 0.0.5
Check: package dependencies
Result: ERROR
Package required but not available: ‘GSVAdata’
See section ‘The DESCRIPTION file’ in the ‘Writing R Extensions’
manual.
Flavors: r-devel-macos-x86_64, r-oldrel-macos-arm64, r-oldrel-macos-x86_64