Last updated on 2025-02-21 02:52:24 CET.
Flavor | Version | Tinstall | Tcheck | Ttotal | Status | Flags |
---|---|---|---|---|---|---|
r-devel-linux-x86_64-debian-clang | 0.2.1 | 68.95 | 23.00 | 91.95 | NOTE | |
r-devel-linux-x86_64-debian-gcc | 0.2.1 | 46.96 | 21.04 | 68.00 | NOTE | |
r-devel-linux-x86_64-fedora-clang | 0.2.1 | 185.61 | NOTE | |||
r-devel-linux-x86_64-fedora-gcc | 0.2.1 | 170.35 | NOTE | |||
r-devel-macos-arm64 | 0.2.1 | 38.00 | NOTE | |||
r-devel-macos-x86_64 | 0.2.1 | 51.00 | NOTE | |||
r-devel-windows-x86_64 | 0.2.1 | 63.00 | 68.00 | 131.00 | NOTE | |
r-patched-linux-x86_64 | 0.2.1 | 65.92 | 25.78 | 91.70 | NOTE | |
r-release-linux-x86_64 | 0.2.1 | 67.89 | 24.88 | 92.77 | NOTE | |
r-release-macos-arm64 | 0.2.1 | 42.00 | NOTE | |||
r-release-macos-x86_64 | 0.2.1 | 48.00 | NOTE | |||
r-release-windows-x86_64 | 0.2.1 | 67.00 | 67.00 | 134.00 | NOTE | |
r-oldrel-macos-arm64 | 0.2.1 | 65.00 | NOTE | |||
r-oldrel-macos-x86_64 | 0.2.1 | 84.00 | NOTE | |||
r-oldrel-windows-x86_64 | 0.2.1 | 80.00 | 108.00 | 188.00 | OK |
Version: 0.2.1
Check: Rd files
Result: NOTE
checkRd: (-1) ZigZagLogistic.Rd:11: Lost braces; missing escapes or markup?
11 | \item{dataX}{Design matrix containing observations of the independent variables x. The i-th row represents the i-th observation with components x_{i,1}, ..., x_{i,d}.}
| ^
checkRd: (-1) ZigZagLogistic.Rd:11: Lost braces; missing escapes or markup?
11 | \item{dataX}{Design matrix containing observations of the independent variables x. The i-th row represents the i-th observation with components x_{i,1}, ..., x_{i,d}.}
| ^
checkRd: (-1) ZigZagLogistic.Rd:13: Lost braces; missing escapes or markup?
13 | \item{dataY}{Vector of length n containing {0, 1}-valued observations of the dependent variable y.}
| ^
Flavors: r-devel-linux-x86_64-debian-clang, r-devel-linux-x86_64-debian-gcc, r-devel-linux-x86_64-fedora-clang, r-devel-linux-x86_64-fedora-gcc, r-devel-macos-arm64, r-devel-macos-x86_64, r-devel-windows-x86_64, r-patched-linux-x86_64, r-release-linux-x86_64, r-release-macos-arm64, r-release-macos-x86_64, r-release-windows-x86_64
Version: 0.2.1
Check: installed package size
Result: NOTE
installed size is 15.5Mb
sub-directories of 1Mb or more:
libs 15.4Mb
Flavors: r-release-macos-arm64, r-release-macos-x86_64, r-oldrel-macos-arm64, r-oldrel-macos-x86_64