Last updated on 2025-02-18 02:50:46 CET.
Flavor | Version | Tinstall | Tcheck | Ttotal | Status | Flags |
---|---|---|---|---|---|---|
r-devel-linux-x86_64-debian-clang | 1.4.3 | 5.93 | 166.90 | 172.83 | OK | |
r-devel-linux-x86_64-debian-gcc | 1.4.3 | 3.82 | 117.76 | 121.58 | OK | |
r-devel-linux-x86_64-fedora-clang | 1.4.3 | 272.30 | OK | |||
r-devel-linux-x86_64-fedora-gcc | 1.4.3 | 265.97 | OK | |||
r-devel-macos-arm64 | 1.4.3 | 77.00 | OK | |||
r-devel-macos-x86_64 | 1.4.3 | 176.00 | OK | |||
r-devel-windows-x86_64 | 1.4.3 | 7.00 | 179.00 | 186.00 | OK | |
r-patched-linux-x86_64 | 1.4.3 | 5.99 | 149.11 | 155.10 | OK | |
r-release-linux-x86_64 | 1.4.3 | 5.72 | 148.77 | 154.49 | OK | |
r-release-macos-arm64 | 1.4.3 | 98.00 | OK | |||
r-release-macos-x86_64 | 1.4.3 | 171.00 | OK | |||
r-release-windows-x86_64 | 1.4.3 | 6.00 | 186.00 | 192.00 | OK | |
r-oldrel-macos-arm64 | 1.4.3 | 91.00 | NOTE | |||
r-oldrel-macos-x86_64 | 1.4.3 | 166.00 | NOTE | |||
r-oldrel-windows-x86_64 | 1.4.3 | 8.00 | 217.00 | 225.00 | OK |
Version: 1.4.3
Check: package dependencies
Result: NOTE
Package suggested but not available for checking: ‘Spectra’
Flavors: r-oldrel-macos-arm64, r-oldrel-macos-x86_64