Last updated on 2024-05-21 14:57:21 CEST.
Flavor | Version | Tinstall | Tcheck | Ttotal | Status | Flags |
---|---|---|---|---|---|---|
r-devel-linux-x86_64-debian-clang | 1.0.2 | 11.40 | 24.88 | 36.28 | OK | |
r-devel-linux-x86_64-debian-gcc | 1.0.2 | 9.60 | 20.18 | 29.78 | OK | |
r-devel-linux-x86_64-fedora-clang | 1.0.2 | 46.32 | OK | |||
r-devel-linux-x86_64-fedora-gcc | 1.0.2 | 44.60 | OK | |||
r-devel-windows-x86_64 | 1.0.2 | 10.00 | 40.00 | 50.00 | OK | |
r-patched-linux-x86_64 | 1.0.2 | 11.04 | 24.79 | 35.83 | OK | |
r-release-linux-x86_64 | 1.0.2 | 9.99 | 24.60 | 34.59 | OK | |
r-release-macos-arm64 | 1.0.2 | 22.00 | NOTE | |||
r-release-macos-x86_64 | 1.0.2 | 50.00 | NOTE | |||
r-release-windows-x86_64 | 1.0.2 | 10.00 | 41.00 | 51.00 | OK | |
r-oldrel-macos-arm64 | 1.0.2 | 27.00 | NOTE | |||
r-oldrel-macos-x86_64 | 1.0.2 | 51.00 | NOTE | |||
r-oldrel-windows-x86_64 | 1.0.2 | 11.00 | 43.00 | 54.00 | OK |
Version: 1.0.2
Check: installed package size
Result: NOTE
installed size is 5.4Mb
sub-directories of 1Mb or more:
data 5.2Mb
Flavors: r-release-macos-arm64, r-release-macos-x86_64, r-oldrel-macos-arm64, r-oldrel-macos-x86_64