CRAN Package Check Results for Package RagGrid

Last updated on 2025-02-18 02:50:46 CET.

Flavor Version Tinstall Tcheck Ttotal Status Flags
r-devel-linux-x86_64-debian-clang 0.2.0 2.68 22.79 25.47 OK
r-devel-linux-x86_64-debian-gcc 0.2.0 1.98 18.04 20.02 OK
r-devel-linux-x86_64-fedora-clang 0.2.0 41.80 NOTE
r-devel-linux-x86_64-fedora-gcc 0.2.0 38.53 NOTE
r-devel-macos-arm64 0.2.0 18.00 OK
r-devel-macos-x86_64 0.2.0 33.00 OK
r-devel-windows-x86_64 0.2.0 5.00 43.00 48.00 OK
r-patched-linux-x86_64 0.2.0 2.92 21.70 24.62 OK
r-release-linux-x86_64 0.2.0 2.73 21.52 24.25 OK
r-release-macos-arm64 0.2.0 18.00 OK
r-release-macos-x86_64 0.2.0 37.00 OK
r-release-windows-x86_64 0.2.0 5.00 47.00 52.00 OK
r-oldrel-macos-arm64 0.2.0 19.00 OK
r-oldrel-macos-x86_64 0.2.0 24.00 OK
r-oldrel-windows-x86_64 0.2.0 5.00 47.00 52.00 OK

Check Details

Version: 0.2.0
Check: dependencies in R code
Result: NOTE Namespace in Imports field not imported from: ‘knitr’ All declared Imports should be used. Flavors: r-devel-linux-x86_64-fedora-clang, r-devel-linux-x86_64-fedora-gcc