Last updated on 2025-02-18 02:50:46 CET.
Flavor | Version | Tinstall | Tcheck | Ttotal | Status | Flags |
---|---|---|---|---|---|---|
r-devel-linux-x86_64-debian-clang | 4.0.0 | 2.18 | 20.24 | 22.42 | NOTE | |
r-devel-linux-x86_64-debian-gcc | 4.0.0 | 1.71 | 16.55 | 18.26 | NOTE | |
r-devel-linux-x86_64-fedora-clang | 4.0.0 | 36.86 | NOTE | |||
r-devel-linux-x86_64-fedora-gcc | 4.0.0 | 35.05 | NOTE | |||
r-devel-macos-arm64 | 4.0.0 | 15.00 | NOTE | |||
r-devel-macos-x86_64 | 4.0.0 | 31.00 | NOTE | |||
r-devel-windows-x86_64 | 4.0.0 | 3.00 | 46.00 | 49.00 | NOTE | |
r-patched-linux-x86_64 | 4.0.0 | 2.30 | 19.13 | 21.43 | NOTE | |
r-release-linux-x86_64 | 4.0.0 | 2.09 | 19.25 | 21.34 | NOTE | |
r-release-macos-arm64 | 4.0.0 | 16.00 | NOTE | |||
r-release-macos-x86_64 | 4.0.0 | 22.00 | NOTE | |||
r-release-windows-x86_64 | 4.0.0 | 3.00 | 47.00 | 50.00 | NOTE | |
r-oldrel-macos-arm64 | 4.0.0 | 16.00 | OK | |||
r-oldrel-macos-x86_64 | 4.0.0 | 23.00 | OK | |||
r-oldrel-windows-x86_64 | 4.0.0 | 3.00 | 44.00 | 47.00 | OK |
Version: 4.0.0
Check: Rd files
Result: NOTE
checkRd: (-1) rankL2R.Rd:18: Lost braces; missing escapes or markup?
18 | where the vector dimension is 2^{response.number}.}
| ^
Flavors: r-devel-linux-x86_64-debian-clang, r-devel-linux-x86_64-debian-gcc, r-devel-linux-x86_64-fedora-clang, r-devel-linux-x86_64-fedora-gcc, r-devel-macos-arm64, r-devel-macos-x86_64, r-devel-windows-x86_64, r-patched-linux-x86_64, r-release-linux-x86_64, r-release-macos-arm64, r-release-macos-x86_64, r-release-windows-x86_64