Last updated on 2025-02-21 02:52:22 CET.
Flavor | Version | Tinstall | Tcheck | Ttotal | Status | Flags |
---|---|---|---|---|---|---|
r-devel-linux-x86_64-debian-clang | 1.0.6 | 16.33 | 37.27 | 53.60 | NOTE | |
r-devel-linux-x86_64-debian-gcc | 1.0.6 | 11.86 | 27.40 | 39.26 | NOTE | |
r-devel-linux-x86_64-fedora-clang | 1.0.6 | 100.91 | NOTE | |||
r-devel-linux-x86_64-fedora-gcc | 1.0.6 | 88.70 | NOTE | |||
r-devel-macos-arm64 | 1.0.6 | 41.00 | OK | |||
r-devel-macos-x86_64 | 1.0.6 | 64.00 | NOTE | |||
r-devel-windows-x86_64 | 1.0.6 | 22.00 | 94.00 | 116.00 | NOTE | |
r-patched-linux-x86_64 | 1.0.6 | 15.91 | 35.04 | 50.95 | OK | |
r-release-linux-x86_64 | 1.0.6 | 15.42 | 34.95 | 50.37 | OK | |
r-release-macos-arm64 | 1.0.6 | 43.00 | OK | |||
r-release-macos-x86_64 | 1.0.6 | 59.00 | OK | |||
r-release-windows-x86_64 | 1.0.6 | 24.00 | 83.00 | 107.00 | OK | |
r-oldrel-macos-arm64 | 1.0.6 | 44.00 | OK | |||
r-oldrel-macos-x86_64 | 1.0.6 | 64.00 | OK | |||
r-oldrel-windows-x86_64 | 1.0.6 | 26.00 | 99.00 | 125.00 | OK |
Version: 1.0.6
Check: DESCRIPTION meta-information
Result: NOTE
Missing dependency on R >= 4.1.0 because package code uses the pipe
|> or function shorthand \(...) syntax added in R 4.1.0.
File(s) using such syntax:
‘evds_table_api.R’ ‘excel_internal.R’ ‘request_funcs.R’
‘sp_df_utils.R’
Flavors: r-devel-linux-x86_64-debian-clang, r-devel-linux-x86_64-debian-gcc, r-devel-linux-x86_64-fedora-clang, r-devel-linux-x86_64-fedora-gcc, r-devel-macos-x86_64, r-devel-windows-x86_64