Last updated on 2024-05-21 14:57:21 CEST.
Flavor | Version | Tinstall | Tcheck | Ttotal | Status | Flags |
---|---|---|---|---|---|---|
r-devel-linux-x86_64-debian-clang | 2.9-1 | 11.14 | 81.90 | 93.04 | NOTE | |
r-devel-linux-x86_64-debian-gcc | 2.9-1 | 8.32 | 59.39 | 67.71 | NOTE | |
r-devel-linux-x86_64-fedora-clang | 2.9-1 | 114.56 | NOTE | |||
r-devel-linux-x86_64-fedora-gcc | 2.9-1 | 105.01 | NOTE | |||
r-devel-windows-x86_64 | 2.9-1 | 11.00 | 100.00 | 111.00 | NOTE | |
r-patched-linux-x86_64 | 2.9-1 | 20.24 | 78.36 | 98.60 | NOTE | |
r-release-linux-x86_64 | 2.9-1 | 8.67 | 77.14 | 85.81 | NOTE | |
r-release-macos-arm64 | 2.9-1 | 33.00 | NOTE | |||
r-release-windows-x86_64 | 2.9-1 | 11.00 | 91.00 | 102.00 | NOTE | |
r-oldrel-macos-arm64 | 2.9-1 | 34.00 | OK | |||
r-oldrel-macos-x86_64 | 2.9-1 | 77.00 | OK | |||
r-oldrel-windows-x86_64 | 2.9-1 | 14.00 | 96.00 | 110.00 | OK |
Version: 2.9-1
Check: Rd files
Result: NOTE
checkRd: (-1) indexplot.Rd:28: Lost braces
28 | \item{legend}{keyword (see \code{link}[grapics]{legend}) giving location of the legend if \code{groups} are specified;
| ^
Flavors: r-devel-linux-x86_64-debian-clang, r-devel-linux-x86_64-debian-gcc, r-devel-linux-x86_64-fedora-clang, r-devel-linux-x86_64-fedora-gcc, r-devel-windows-x86_64, r-patched-linux-x86_64, r-release-linux-x86_64, r-release-macos-arm64, r-release-windows-x86_64