Last updated on 2025-02-20 14:51:05 CET.
Flavor | Version | Tinstall | Tcheck | Ttotal | Status | Flags |
---|---|---|---|---|---|---|
r-devel-linux-x86_64-debian-clang | 0.0-2 | 21.84 | 133.57 | 155.41 | NOTE | |
r-devel-linux-x86_64-debian-gcc | 0.0-2 | 15.89 | 95.78 | 111.67 | NOTE | |
r-devel-linux-x86_64-fedora-clang | 0.0-2 | 272.56 | NOTE | |||
r-devel-linux-x86_64-fedora-gcc | 0.0-2 | 259.26 | NOTE | |||
r-devel-macos-arm64 | 0.0-2 | 82.00 | NOTE | |||
r-devel-macos-x86_64 | 0.0-2 | 142.00 | NOTE | |||
r-devel-windows-x86_64 | 0.0-2 | 20.00 | 132.00 | 152.00 | NOTE | |
r-patched-linux-x86_64 | 0.0-2 | 20.48 | 123.48 | 143.96 | NOTE | |
r-release-linux-x86_64 | 0.0-2 | 20.24 | 123.51 | 143.75 | NOTE | |
r-release-macos-arm64 | 0.0-2 | 87.00 | NOTE | |||
r-release-macos-x86_64 | 0.0-2 | 113.00 | NOTE | |||
r-release-windows-x86_64 | 0.0-2 | 19.00 | 132.00 | 151.00 | NOTE | |
r-oldrel-macos-arm64 | 0.0-2 | 68.00 | NOTE | |||
r-oldrel-macos-x86_64 | 0.0-2 | 117.00 | NOTE | |||
r-oldrel-windows-x86_64 | 0.0-2 | 29.00 | 164.00 | 193.00 | NOTE |
Version: 0.0-2
Check: Rd files
Result: NOTE
checkRd: (-1) RcmdrPlugin.MA-package.Rd:21: Escaped LaTeX specials: \&
checkRd: (-1) RcmdrPlugin.MA-package.Rd:23: Escaped LaTeX specials: \&
Flavors: r-devel-linux-x86_64-debian-clang, r-devel-linux-x86_64-debian-gcc, r-devel-linux-x86_64-fedora-clang, r-devel-linux-x86_64-fedora-gcc, r-devel-macos-arm64, r-devel-macos-x86_64, r-devel-windows-x86_64, r-patched-linux-x86_64, r-release-linux-x86_64, r-release-macos-arm64, r-release-macos-x86_64, r-release-windows-x86_64, r-oldrel-macos-arm64, r-oldrel-macos-x86_64, r-oldrel-windows-x86_64