Last updated on 2025-02-21 02:52:22 CET.
Flavor | Version | Tinstall | Tcheck | Ttotal | Status | Flags |
---|---|---|---|---|---|---|
r-devel-linux-x86_64-debian-clang | 0.0.22 | 29.93 | 69.55 | 99.48 | OK | |
r-devel-linux-x86_64-debian-gcc | 0.0.22 | 26.16 | 47.57 | 73.73 | OK | |
r-devel-linux-x86_64-fedora-clang | 0.0.22 | 186.58 | OK | |||
r-devel-linux-x86_64-fedora-gcc | 0.0.22 | 202.75 | OK | |||
r-devel-macos-arm64 | 0.0.22 | 52.00 | OK | |||
r-devel-macos-x86_64 | 0.0.22 | 112.00 | OK | |||
r-devel-windows-x86_64 | 0.0.22 | 49.00 | 130.00 | 179.00 | OK | |
r-patched-linux-x86_64 | 0.0.22 | 35.61 | 66.96 | 102.57 | OK | |
r-release-linux-x86_64 | 0.0.22 | 32.33 | 65.95 | 98.28 | OK | |
r-release-macos-arm64 | 0.0.22 | 58.00 | NOTE | |||
r-release-macos-x86_64 | 0.0.22 | 85.00 | NOTE | |||
r-release-windows-x86_64 | 0.0.22 | 50.00 | 131.00 | 181.00 | OK | |
r-oldrel-macos-arm64 | 0.0.22 | 69.00 | NOTE | |||
r-oldrel-macos-x86_64 | 0.0.22 | 189.00 | NOTE | |||
r-oldrel-windows-x86_64 | 0.0.22 | 51.00 | 152.00 | 203.00 | OK |
Version: 0.0.22
Check: installed package size
Result: NOTE
installed size is 7.0Mb
sub-directories of 1Mb or more:
libs 6.7Mb
Flavors: r-release-macos-arm64, r-release-macos-x86_64, r-oldrel-macos-arm64, r-oldrel-macos-x86_64