Last updated on 2025-02-18 02:50:47 CET.
Flavor | Version | Tinstall | Tcheck | Ttotal | Status | Flags |
---|---|---|---|---|---|---|
r-devel-linux-x86_64-debian-clang | 0.2.13 | 14.75 | 32.38 | 47.13 | NOTE | |
r-devel-linux-x86_64-debian-gcc | 0.2.13 | 10.63 | 26.24 | 36.87 | NOTE | |
r-devel-linux-x86_64-fedora-clang | 0.2.13 | 82.96 | OK | |||
r-devel-linux-x86_64-fedora-gcc | 0.2.13 | 91.93 | OK | |||
r-devel-macos-arm64 | 0.2.13 | 36.00 | OK | |||
r-devel-macos-x86_64 | 0.2.13 | 74.00 | OK | |||
r-devel-windows-x86_64 | 0.2.13 | 16.00 | 146.00 | 162.00 | OK | |
r-patched-linux-x86_64 | 0.2.13 | 15.32 | 30.32 | 45.64 | OK | |
r-release-linux-x86_64 | 0.2.13 | 14.80 | 30.47 | 45.27 | OK | |
r-release-macos-arm64 | 0.2.13 | 50.00 | OK | |||
r-release-macos-x86_64 | 0.2.13 | 83.00 | OK | |||
r-release-windows-x86_64 | 0.2.13 | 17.00 | 102.00 | 119.00 | OK | |
r-oldrel-macos-arm64 | 0.2.13 | 44.00 | OK | |||
r-oldrel-macos-x86_64 | 0.2.13 | 100.00 | OK | |||
r-oldrel-windows-x86_64 | 0.2.13 | 18.00 | 97.00 | 115.00 | OK |
Version: 0.2.13
Check: for unstated dependencies in ‘demo’
Result: NOTE
'library' or 'require' call not declared from: ‘rbenchmark’
Flavors: r-devel-linux-x86_64-debian-clang, r-devel-linux-x86_64-debian-gcc