Last updated on 2025-02-21 02:52:22 CET.
Flavor | Version | Tinstall | Tcheck | Ttotal | Status | Flags |
---|---|---|---|---|---|---|
r-devel-linux-x86_64-debian-clang | 1.1 | 13.22 | 43.39 | 56.61 | NOTE | |
r-devel-linux-x86_64-debian-gcc | 1.1 | 9.24 | 34.22 | 43.46 | NOTE | |
r-devel-linux-x86_64-fedora-clang | 1.1 | 99.56 | NOTE | |||
r-devel-linux-x86_64-fedora-gcc | 1.1 | 95.04 | NOTE | |||
r-devel-macos-arm64 | 1.1 | 30.00 | NOTE | |||
r-devel-macos-x86_64 | 1.1 | 58.00 | NOTE | |||
r-devel-windows-x86_64 | 1.1 | 18.00 | 137.00 | 155.00 | NOTE | |
r-patched-linux-x86_64 | 1.1 | 12.08 | 41.84 | 53.92 | NOTE | |
r-release-linux-x86_64 | 1.1 | 12.23 | 42.20 | 54.43 | NOTE | |
r-release-macos-arm64 | 1.1 | 29.00 | NOTE | |||
r-release-macos-x86_64 | 1.1 | 50.00 | NOTE | |||
r-release-windows-x86_64 | 1.1 | 18.00 | 95.00 | 113.00 | NOTE | |
r-oldrel-macos-arm64 | 1.1 | 30.00 | NOTE | |||
r-oldrel-macos-x86_64 | 1.1 | 46.00 | NOTE | |||
r-oldrel-windows-x86_64 | 1.1 | 20.00 | 103.00 | 123.00 | NOTE |
Version: 1.1
Check: C++ specification
Result: NOTE
Specified C++11: please drop specification unless essential
Flavors: r-devel-linux-x86_64-debian-clang, r-devel-linux-x86_64-debian-gcc, r-devel-linux-x86_64-fedora-clang, r-devel-linux-x86_64-fedora-gcc, r-devel-macos-arm64, r-devel-macos-x86_64, r-devel-windows-x86_64, r-patched-linux-x86_64, r-release-linux-x86_64, r-release-macos-arm64, r-release-macos-x86_64, r-release-windows-x86_64, r-oldrel-macos-arm64, r-oldrel-macos-x86_64, r-oldrel-windows-x86_64