Last updated on 2025-02-21 02:52:22 CET.
Flavor | Version | Tinstall | Tcheck | Ttotal | Status | Flags |
---|---|---|---|---|---|---|
r-devel-linux-x86_64-debian-clang | 0.0.4 | 36.07 | 22.61 | 58.68 | OK | |
r-devel-linux-x86_64-debian-gcc | 0.0.4 | 28.57 | 19.71 | 48.28 | OK | |
r-devel-linux-x86_64-fedora-clang | 0.0.4 | 114.18 | OK | |||
r-devel-linux-x86_64-fedora-gcc | 0.0.4 | 114.07 | OK | |||
r-devel-macos-arm64 | 0.0.4 | 27.00 | OK | |||
r-devel-macos-x86_64 | 0.0.4 | 53.00 | OK | |||
r-devel-windows-x86_64 | 0.0.4 | 37.00 | 69.00 | 106.00 | OK | |
r-patched-linux-x86_64 | 0.0.4 | 37.90 | 23.67 | 61.57 | OK | |
r-release-linux-x86_64 | 0.0.4 | 38.70 | 23.61 | 62.31 | OK | |
r-release-macos-arm64 | 0.0.4 | 31.00 | NOTE | |||
r-release-macos-x86_64 | 0.0.4 | 48.00 | NOTE | |||
r-release-windows-x86_64 | 0.0.4 | 41.00 | 77.00 | 118.00 | OK | |
r-oldrel-macos-arm64 | 0.0.4 | 31.00 | NOTE | |||
r-oldrel-macos-x86_64 | 0.0.4 | 48.00 | NOTE | |||
r-oldrel-windows-x86_64 | 0.0.4 | 48.00 | 118.00 | 166.00 | OK |
Version: 0.0.4
Check: installed package size
Result: NOTE
installed size is 8.5Mb
sub-directories of 1Mb or more:
libs 8.1Mb
Flavors: r-release-macos-arm64, r-release-macos-x86_64, r-oldrel-macos-arm64, r-oldrel-macos-x86_64