Last updated on 2025-02-21 02:52:22 CET.
Flavor | Version | Tinstall | Tcheck | Ttotal | Status | Flags |
---|---|---|---|---|---|---|
r-devel-linux-x86_64-debian-clang | 1.2.2 | 69.73 | 25.71 | 95.44 | NOTE | |
r-devel-linux-x86_64-debian-gcc | 1.2.2 | 44.44 | 20.23 | 64.67 | NOTE | |
r-devel-linux-x86_64-fedora-clang | 1.2.2 | 186.97 | NOTE | |||
r-devel-linux-x86_64-fedora-gcc | 1.2.2 | 170.59 | NOTE | |||
r-devel-macos-arm64 | 1.2.2 | 39.00 | NOTE | |||
r-devel-macos-x86_64 | 1.2.2 | 64.00 | NOTE | |||
r-devel-windows-x86_64 | 1.2.2 | 62.00 | 77.00 | 139.00 | NOTE | |
r-patched-linux-x86_64 | 1.2.2 | 64.00 | 24.85 | 88.85 | NOTE | |
r-release-linux-x86_64 | 1.2.2 | 65.76 | 24.89 | 90.65 | NOTE | |
r-release-macos-arm64 | 1.2.2 | 40.00 | NOTE | |||
r-release-macos-x86_64 | 1.2.2 | 50.00 | NOTE | |||
r-release-windows-x86_64 | 1.2.2 | 66.00 | 100.00 | 166.00 | NOTE | |
r-oldrel-macos-arm64 | 1.2.2 | 44.00 | NOTE | |||
r-oldrel-macos-x86_64 | 1.2.2 | 69.00 | NOTE | |||
r-oldrel-windows-x86_64 | 1.2.2 | 81.00 | 82.00 | 163.00 | NOTE |
Version: 1.2.2
Check: C++ specification
Result: NOTE
Specified C++11: please drop specification unless essential
Flavors: r-devel-linux-x86_64-debian-clang, r-devel-linux-x86_64-debian-gcc, r-devel-linux-x86_64-fedora-clang, r-devel-linux-x86_64-fedora-gcc, r-devel-macos-arm64, r-devel-macos-x86_64, r-devel-windows-x86_64, r-patched-linux-x86_64, r-release-linux-x86_64, r-release-macos-arm64, r-release-macos-x86_64, r-release-windows-x86_64, r-oldrel-macos-arm64, r-oldrel-macos-x86_64, r-oldrel-windows-x86_64