CRAN Package Check Results for Package RcppMeCab

Last updated on 2025-05-18 02:49:46 CEST.

Flavor Version Tinstall Tcheck Ttotal Status Flags
r-devel-linux-x86_64-debian-clang 0.0.1.2 25.75 22.59 48.34 NOTE
r-devel-linux-x86_64-debian-gcc 0.0.1.2 21.61 18.94 40.55 NOTE
r-devel-linux-x86_64-fedora-clang 0.0.1.2 85.19 NOTE
r-devel-linux-x86_64-fedora-gcc 0.0.1.2 106.30 NOTE
r-devel-windows-x86_64 0.0.1.2 41.00 81.00 122.00 NOTE
r-patched-linux-x86_64 0.0.1.2 30.38 22.64 53.02 NOTE
r-release-linux-x86_64 0.0.1.2 30.34 22.78 53.12 NOTE
r-release-macos-arm64 0.0.1.2 15.00 ERROR
r-release-macos-x86_64 0.0.1.2 18.00 ERROR
r-release-windows-x86_64 0.0.1.2 45.00 95.00 140.00 NOTE
r-oldrel-macos-arm64 0.0.1.2 21.00 ERROR
r-oldrel-macos-x86_64 0.0.1.2 22.00 OK
r-oldrel-windows-x86_64 0.0.1.2 44.00 87.00 131.00 NOTE

Check Details

Version: 0.0.1.2
Check: C++ specification
Result: NOTE Specified C++11: please drop specification unless essential Flavors: r-devel-linux-x86_64-debian-clang, r-devel-linux-x86_64-debian-gcc, r-devel-linux-x86_64-fedora-clang, r-devel-linux-x86_64-fedora-gcc, r-devel-windows-x86_64, r-patched-linux-x86_64, r-release-linux-x86_64, r-release-windows-x86_64, r-oldrel-windows-x86_64

Version: 0.0.1.2
Check: whether package can be installed
Result: ERROR Installation failed. Flavors: r-release-macos-arm64, r-release-macos-x86_64, r-oldrel-macos-arm64

Version: 0.0.1.2
Check: LazyData
Result: NOTE 'LazyData' is specified without a 'data' directory Flavor: r-oldrel-windows-x86_64

Version: 0.0.1.2
Check: for GNU extensions in Makefiles
Result: NOTE GNU make is a SystemRequirements. Flavor: r-oldrel-windows-x86_64