Last updated on 2025-02-21 02:52:22 CET.
Flavor | Version | Tinstall | Tcheck | Ttotal | Status | Flags |
---|---|---|---|---|---|---|
r-devel-linux-x86_64-debian-clang | 0.0.20 | 61.29 | 26.33 | 87.62 | OK | |
r-devel-linux-x86_64-debian-gcc | 0.0.20 | 48.03 | 21.45 | 69.48 | OK | |
r-devel-linux-x86_64-fedora-clang | 0.0.20 | 140.98 | OK | |||
r-devel-linux-x86_64-fedora-gcc | 0.0.20 | 181.64 | OK | |||
r-devel-macos-arm64 | 0.0.20 | 60.00 | OK | |||
r-devel-macos-x86_64 | 0.0.20 | 128.00 | OK | |||
r-devel-windows-x86_64 | 0.0.20 | 63.00 | 90.00 | 153.00 | OK | |
r-patched-linux-x86_64 | 0.0.20 | 68.23 | 25.47 | 93.70 | OK | |
r-release-linux-x86_64 | 0.0.20 | 64.47 | 25.46 | 89.93 | OK | |
r-release-macos-arm64 | 0.0.20 | 60.00 | NOTE | |||
r-release-macos-x86_64 | 0.0.20 | 131.00 | NOTE | |||
r-release-windows-x86_64 | 0.0.20 | 66.00 | 94.00 | 160.00 | OK | |
r-oldrel-macos-arm64 | 0.0.19 | 68.00 | NOTE | |||
r-oldrel-macos-x86_64 | 0.0.20 | 137.00 | NOTE | |||
r-oldrel-windows-x86_64 | 0.0.20 | 60.00 | 96.00 | 156.00 | OK |
Version: 0.0.20
Check: installed package size
Result: NOTE
installed size is 6.9Mb
sub-directories of 1Mb or more:
include 1.2Mb
libs 5.4Mb
Flavors: r-release-macos-arm64, r-release-macos-x86_64, r-oldrel-macos-x86_64
Version: 0.0.19
Check: installed package size
Result: NOTE
installed size is 7.0Mb
sub-directories of 1Mb or more:
include 1.2Mb
libs 5.6Mb
Flavor: r-oldrel-macos-arm64