Last updated on 2025-02-21 02:52:23 CET.
Flavor | Version | Tinstall | Tcheck | Ttotal | Status | Flags |
---|---|---|---|---|---|---|
r-devel-linux-x86_64-debian-clang | 1.2.3 | 56.95 | 58.49 | 115.44 | OK | |
r-devel-linux-x86_64-debian-gcc | 1.2.3 | 42.23 | 44.07 | 86.30 | OK | |
r-devel-linux-x86_64-fedora-clang | 1.2.3 | 218.38 | OK | |||
r-devel-linux-x86_64-fedora-gcc | 1.2.3 | 218.93 | OK | |||
r-devel-macos-arm64 | 1.2.3 | 65.00 | OK | |||
r-devel-macos-x86_64 | 1.2.3 | 106.00 | OK | |||
r-devel-windows-x86_64 | 1.2.3 | 59.00 | 103.00 | 162.00 | OK | |
r-patched-linux-x86_64 | 1.2.3 | 57.65 | 55.26 | 112.91 | OK | |
r-release-linux-x86_64 | 1.2.3 | 57.94 | 55.64 | 113.58 | OK | |
r-release-macos-arm64 | 1.2.3 | 76.00 | NOTE | |||
r-release-macos-x86_64 | 1.2.3 | 76.00 | NOTE | |||
r-release-windows-x86_64 | 1.2.3 | 59.00 | 102.00 | 161.00 | OK | |
r-oldrel-macos-arm64 | 1.2.3 | 70.00 | NOTE | |||
r-oldrel-macos-x86_64 | 1.2.3 | 134.00 | NOTE | |||
r-oldrel-windows-x86_64 | 1.2.3 | 60.00 | 120.00 | 180.00 | OK |
Version: 1.2.3
Check: installed package size
Result: NOTE
installed size is 6.3Mb
sub-directories of 1Mb or more:
libs 3.4Mb
swagger 1.4Mb
Flavors: r-release-macos-arm64, r-release-macos-x86_64, r-oldrel-macos-arm64, r-oldrel-macos-x86_64